CRAN Package Check Results for Package Rborist

Last updated on 2019-06-16 07:47:06 CEST.

Flavor Version Tinstall Tcheck Ttotal Status Flags
r-devel-linux-x86_64-debian-clang 0.1-17 128.23 27.84 156.07 OK
r-devel-linux-x86_64-debian-gcc 0.1-17 102.29 22.94 125.23 OK
r-devel-linux-x86_64-fedora-clang 0.1-17 244.76 NOTE
r-devel-linux-x86_64-fedora-gcc 0.1-17 222.50 OK
r-devel-windows-ix86+x86_64 0.1-17 412.00 103.00 515.00 OK
r-patched-linux-x86_64 0.1-17 123.73 28.07 151.80 OK
r-patched-solaris-x86 0.1-17 224.50 OK
r-release-linux-x86_64 0.1-17 125.88 28.27 154.15 OK
r-release-windows-ix86+x86_64 0.1-17 319.00 93.00 412.00 OK
r-release-osx-x86_64 0.1-17 NOTE
r-oldrel-windows-ix86+x86_64 0.1-17 299.00 94.00 393.00 OK
r-oldrel-osx-x86_64 0.1-17 NOTE

Additional issues

rchk

Check Details

Version: 0.1-17
Check: installed package size
Result: NOTE
     installed size is 9.5Mb
     sub-directories of 1Mb or more:
     libs 9.2Mb
Flavors: r-devel-linux-x86_64-fedora-clang, r-release-osx-x86_64, r-oldrel-osx-x86_64