CRAN Package Check Results for Package Rblpapi

Last updated on 2019-09-22 19:51:29 CEST.

Flavor Version Tinstall Tcheck Ttotal Status Flags
r-devel-linux-x86_64-debian-clang 0.3.10 117.75 27.50 145.25 NOTE
r-devel-linux-x86_64-debian-gcc 0.3.10 97.34 22.53 119.87 NOTE
r-devel-linux-x86_64-fedora-clang 0.3.10 249.29 NOTE
r-devel-linux-x86_64-fedora-gcc 0.3.10 225.07 NOTE
r-devel-windows-ix86+x86_64 0.3.10 375.00 137.00 512.00 NOTE
r-patched-linux-x86_64 0.3.10 116.28 27.24 143.52 NOTE
r-release-linux-x86_64 0.3.10 111.33 27.56 138.89 NOTE
r-release-windows-ix86+x86_64 0.3.10 385.00 167.00 552.00 NOTE
r-release-osx-x86_64 0.3.10 NOTE
r-oldrel-windows-ix86+x86_64 0.3.10 261.00 132.00 393.00 NOTE
r-oldrel-osx-x86_64 0.3.10 NOTE

Check Details

Version: 0.3.10
Check: whether package can be installed
Result: NOTE
    Found the following notes/warnings:
     Non-staged installation was used
Flavors: r-devel-linux-x86_64-debian-clang, r-devel-linux-x86_64-debian-gcc, r-devel-linux-x86_64-fedora-clang, r-devel-linux-x86_64-fedora-gcc, r-devel-windows-ix86+x86_64, r-patched-linux-x86_64, r-release-linux-x86_64, r-release-windows-ix86+x86_64, r-release-osx-x86_64

Version: 0.3.10
Check: installed package size
Result: NOTE
     installed size is 15.5Mb
     sub-directories of 1Mb or more:
     blp 7.1Mb
     libs 7.4Mb
Flavors: r-devel-linux-x86_64-fedora-clang, r-devel-windows-ix86+x86_64, r-release-windows-ix86+x86_64, r-release-osx-x86_64, r-oldrel-windows-ix86+x86_64, r-oldrel-osx-x86_64