CRAN Package Check Results for Package RaPKod

Last updated on 2019-06-16 19:52:26 CEST.

Flavor Version Tinstall Tcheck Ttotal Status Flags
r-devel-linux-x86_64-debian-clang 0.9 23.35 37.13 60.48 NOTE
r-devel-linux-x86_64-debian-gcc 0.9 20.17 30.21 50.38 NOTE
r-devel-linux-x86_64-fedora-clang 0.9 86.32 NOTE
r-devel-linux-x86_64-fedora-gcc 0.9 80.36 NOTE
r-devel-windows-ix86+x86_64 0.9 93.00 81.00 174.00 OK
r-patched-linux-x86_64 0.9 25.36 37.32 62.68 NOTE
r-patched-solaris-x86 0.9 105.30 OK
r-release-linux-x86_64 0.9 25.72 37.43 63.15 NOTE
r-release-windows-ix86+x86_64 0.9 59.00 98.00 157.00 OK
r-release-osx-x86_64 0.9 OK
r-oldrel-windows-ix86+x86_64 0.9 46.00 98.00 144.00 OK
r-oldrel-osx-x86_64 0.9 OK

Check Details

Version: 0.9
Check: use of SHLIB_OPENMP_*FLAGS in Makefiles
Result: NOTE
     src/Makevars: SHLIB_OPENMP_CXXFLAGS is included in PKG_CXXFLAGS but not in PKG_LIBS
     src/Makevars: SHLIB_OPENMP_CFLAGS is included in PKG_LIBS but linking is by C++
     src/Makevars.win: SHLIB_OPENMP_CXXFLAGS is included in PKG_CXXFLAGS but not in PKG_LIBS
     src/Makevars.win: SHLIB_OPENMP_CFLAGS is included in PKG_LIBS but linking is by C++
    Use of these macros is discussed in sect 1.2.1.1 of 'Writing R
    Extensions'. The macros for different languages may differ so the
    matching macro must be used in PKG_CXXFLAGS (etc) and match that used
    in PKG_LIBS (except for Fortran: see the manual).
Flavors: r-devel-linux-x86_64-debian-clang, r-devel-linux-x86_64-debian-gcc, r-devel-linux-x86_64-fedora-clang, r-devel-linux-x86_64-fedora-gcc, r-patched-linux-x86_64, r-release-linux-x86_64