CRAN Package Check Results for Package RTMB

Last updated on 2025-06-18 23:48:35 CEST.

Flavor Version Tinstall Tcheck Ttotal Status Flags
r-devel-linux-x86_64-debian-clang 1.7 471.67 112.66 584.33 OK
r-devel-linux-x86_64-debian-gcc 1.7 426.55 81.46 508.01 OK
r-devel-linux-x86_64-fedora-clang 1.7 933.50 OK
r-devel-linux-x86_64-fedora-gcc 1.7 1285.53 OK
r-devel-windows-x86_64 1.7 529.00 224.00 753.00 OK
r-patched-linux-x86_64 1.7 578.53 106.34 684.87 OK
r-release-linux-x86_64 1.7 577.18 107.95 685.13 OK
r-release-macos-arm64 1.7 312.00 OK
r-release-macos-x86_64 1.7 312.00 OK
r-release-windows-x86_64 1.7 522.00 258.00 780.00 OK
r-oldrel-macos-arm64 1.7 269.00 NOTE
r-oldrel-macos-x86_64 1.7 385.00 NOTE
r-oldrel-windows-x86_64 1.7 628.00 309.00 937.00 NOTE

Check Details

Version: 1.7
Check: installed package size
Result: NOTE installed size is 122.6Mb sub-directories of 1Mb or more: R 1.0Mb libs 120.8Mb Flavors: r-oldrel-macos-arm64, r-oldrel-macos-x86_64, r-oldrel-windows-x86_64