CRAN Package Check Results for Package RSiena

Last updated on 2019-08-18 07:49:01 CEST.

Flavor Version Tinstall Tcheck Ttotal Status Flags
r-devel-linux-x86_64-debian-clang 1.2-12 219.39 223.75 443.14 NOTE
r-devel-linux-x86_64-debian-gcc 1.2-12 162.62 168.49 331.11 NOTE
r-devel-linux-x86_64-fedora-clang 1.2-12 697.41 NOTE
r-devel-linux-x86_64-fedora-gcc 1.2-12 574.22 NOTE
r-devel-windows-ix86+x86_64 1.2-12 558.00 362.00 920.00 OK
r-patched-linux-x86_64 1.2-12 191.39 221.83 413.22 OK
r-patched-solaris-x86 1.2-12 1324.90 NOTE
r-release-linux-x86_64 1.2-12 194.01 220.75 414.76 OK
r-release-windows-ix86+x86_64 1.2-12 430.00 278.00 708.00 OK
r-release-osx-x86_64 1.2-12 NOTE
r-oldrel-windows-ix86+x86_64 1.2-12 561.00 338.00 899.00 OK
r-oldrel-osx-x86_64 1.2-12 NOTE

Additional issues

LTO rchk

Check Details

Version: 1.2-12
Check: for non-standard things in the check directory
Result: NOTE
    Found the following files/directories:
     'Siena.out'
Flavors: r-devel-linux-x86_64-debian-clang, r-devel-linux-x86_64-debian-gcc, r-devel-linux-x86_64-fedora-clang, r-devel-linux-x86_64-fedora-gcc

Version: 1.2-12
Check: installed package size
Result: NOTE
     installed size is 14.0Mb
     sub-directories of 1Mb or more:
     libs 12.3Mb
Flavors: r-devel-linux-x86_64-fedora-clang, r-patched-solaris-x86, r-release-osx-x86_64, r-oldrel-osx-x86_64