CRAN Package Check Results for Package RSiena

Last updated on 2019-06-16 07:47:09 CEST.

Flavor Version Tinstall Tcheck Ttotal Status Flags
r-devel-linux-x86_64-debian-clang 1.2-12 211.32 222.31 433.63 NOTE
r-devel-linux-x86_64-debian-gcc 1.2-12 161.24 167.77 329.01 NOTE
r-devel-linux-x86_64-fedora-clang 1.2-12 648.39 NOTE
r-devel-linux-x86_64-fedora-gcc 1.2-12 531.77 NOTE
r-devel-windows-ix86+x86_64 1.2-12 599.00 304.00 903.00 OK
r-patched-linux-x86_64 1.2-12 200.57 221.02 421.59 OK
r-patched-solaris-x86 1.2-12 1219.80 NOTE
r-release-linux-x86_64 1.2-12 201.65 220.96 422.61 OK
r-release-windows-ix86+x86_64 1.2-12 424.00 360.00 784.00 OK
r-release-osx-x86_64 1.2-12 NOTE
r-oldrel-windows-ix86+x86_64 1.2-12 382.00 346.00 728.00 OK
r-oldrel-osx-x86_64 1.2-12 NOTE

Additional issues

rchk

Check Details

Version: 1.2-12
Check: for non-standard things in the check directory
Result: NOTE
    Found the following files/directories:
     'Siena.out'
Flavors: r-devel-linux-x86_64-debian-clang, r-devel-linux-x86_64-debian-gcc, r-devel-linux-x86_64-fedora-clang, r-devel-linux-x86_64-fedora-gcc

Version: 1.2-12
Check: installed package size
Result: NOTE
     installed size is 13.5Mb
     sub-directories of 1Mb or more:
     libs 11.7Mb
Flavors: r-devel-linux-x86_64-fedora-clang, r-patched-solaris-x86, r-release-osx-x86_64, r-oldrel-osx-x86_64