CRAN Package Check Results for Package ROI.plugin.clp

Last updated on 2019-08-24 19:47:22 CEST.

Flavor Version Tinstall Tcheck Ttotal Status Flags
r-devel-linux-x86_64-debian-clang 0.4 6.90 83.12 90.02 OK
r-devel-linux-x86_64-debian-gcc 0.4 5.92 62.42 68.34 OK
r-devel-linux-x86_64-fedora-clang 0.4 98.53 OK
r-devel-linux-x86_64-fedora-gcc 0.4 96.16 OK
r-devel-windows-ix86+x86_64 0.4 14.00 46.00 60.00 OK
r-patched-linux-x86_64 0.4 6.77 80.74 87.51 OK
r-patched-solaris-x86 0.4 91.50 OK
r-release-linux-x86_64 0.4 5.50 80.41 85.91 OK
r-release-windows-ix86+x86_64 0.4 18.00 64.00 82.00 OK
r-release-osx-x86_64 0.4 ERROR
r-oldrel-windows-ix86+x86_64 0.4 11.00 65.00 76.00 OK
r-oldrel-osx-x86_64 0.4 ERROR

Check Details

Version: 0.4
Check: package dependencies
Result: ERROR
    Package required but not available: ‘clpAPI’
    
    See section ‘The DESCRIPTION file’ in the ‘Writing R Extensions’
    manual.
Flavors: r-release-osx-x86_64, r-oldrel-osx-x86_64