CRAN Package Check Results for Package ROI.plugin.clp

Last updated on 2019-06-16 07:47:08 CEST.

Flavor Version Tinstall Tcheck Ttotal Status Flags
r-devel-linux-x86_64-debian-clang 0.4 6.39 84.69 91.08 OK
r-devel-linux-x86_64-debian-gcc 0.4 5.28 61.88 67.16 OK
r-devel-linux-x86_64-fedora-clang 0.4 93.51 OK
r-devel-linux-x86_64-fedora-gcc 0.4 92.38 OK
r-devel-windows-ix86+x86_64 0.4 19.00 52.00 71.00 OK
r-patched-linux-x86_64 0.4 6.37 81.86 88.23 OK
r-patched-solaris-x86 0.4 96.60 OK
r-release-linux-x86_64 0.4 6.90 81.55 88.45 OK
r-release-windows-ix86+x86_64 0.4 12.00 67.00 79.00 OK
r-release-osx-x86_64 0.4 ERROR
r-oldrel-windows-ix86+x86_64 0.4 9.00 65.00 74.00 OK
r-oldrel-osx-x86_64 0.4 ERROR

Check Details

Version: 0.4
Check: package dependencies
Result: ERROR
    Package required but not available: ‘clpAPI’
    
    See section ‘The DESCRIPTION file’ in the ‘Writing R Extensions’
    manual.
Flavors: r-release-osx-x86_64, r-oldrel-osx-x86_64