CRAN Package Check Results for Package RNiftyReg

Last updated on 2019-06-16 07:47:08 CEST.

Flavor Version Tinstall Tcheck Ttotal Status Flags
r-devel-linux-x86_64-debian-clang 2.6.6 419.12 46.33 465.45 OK
r-devel-linux-x86_64-debian-gcc 2.6.6 399.33 40.31 439.64 OK
r-devel-linux-x86_64-fedora-clang 2.6.6 787.47 NOTE
r-devel-linux-x86_64-fedora-gcc 2.6.6 752.48 OK
r-devel-windows-ix86+x86_64 2.6.6 1067.00 111.00 1178.00 NOTE
r-patched-linux-x86_64 2.6.6 447.81 49.52 497.33 OK
r-patched-solaris-x86 2.6.6 592.00 OK
r-release-linux-x86_64 2.6.6 470.99 49.15 520.14 OK
r-release-windows-ix86+x86_64 2.6.6 818.00 127.00 945.00 NOTE
r-release-osx-x86_64 2.6.6 NOTE
r-oldrel-windows-ix86+x86_64 2.6.6 746.00 127.00 873.00 NOTE
r-oldrel-osx-x86_64 2.6.6 NOTE

Additional issues

clang-UBSAN valgrind

Check Details

Version: 2.6.6
Check: installed package size
Result: NOTE
     installed size is 89.4Mb
     sub-directories of 1Mb or more:
     extdata 2.0Mb
     libs 87.2Mb
Flavors: r-devel-linux-x86_64-fedora-clang, r-devel-windows-ix86+x86_64, r-release-windows-ix86+x86_64, r-release-osx-x86_64, r-oldrel-windows-ix86+x86_64, r-oldrel-osx-x86_64