CRAN Package Check Results for Package RNiftyReg

Last updated on 2019-08-24 19:47:22 CEST.

Flavor Version Tinstall Tcheck Ttotal Status Flags
r-devel-linux-x86_64-debian-clang 2.6.6 417.20 46.14 463.34 OK
r-devel-linux-x86_64-debian-gcc 2.6.6 355.40 40.32 395.72 OK
r-devel-linux-x86_64-fedora-clang 2.6.6 768.68 NOTE
r-devel-linux-x86_64-fedora-gcc 2.6.6 748.62 OK
r-devel-windows-ix86+x86_64 2.6.6 728.00 98.00 826.00 NOTE
r-patched-linux-x86_64 2.6.6 429.27 51.02 480.29 OK
r-patched-solaris-x86 2.6.6 593.80 OK
r-release-linux-x86_64 2.6.6 438.61 48.80 487.41 OK
r-release-windows-ix86+x86_64 2.6.6 1025.00 131.00 1156.00 NOTE
r-release-osx-x86_64 2.6.6 NOTE
r-oldrel-windows-ix86+x86_64 2.6.6 1026.00 121.00 1147.00 NOTE
r-oldrel-osx-x86_64 2.6.6 NOTE

Additional issues

valgrind

Check Details

Version: 2.6.6
Check: installed package size
Result: NOTE
     installed size is 90.4Mb
     sub-directories of 1Mb or more:
     extdata 2.0Mb
     libs 88.2Mb
Flavors: r-devel-linux-x86_64-fedora-clang, r-devel-windows-ix86+x86_64, r-release-windows-ix86+x86_64, r-release-osx-x86_64, r-oldrel-windows-ix86+x86_64, r-oldrel-osx-x86_64