CRAN Package Check Results for Package RNifti

Last updated on 2019-08-18 19:52:10 CEST.

Flavor Version Tinstall Tcheck Ttotal Status Flags
r-devel-linux-x86_64-debian-clang 0.11.1 27.53 27.71 55.24 OK
r-devel-linux-x86_64-debian-gcc 0.11.1 22.47 22.53 45.00 OK
r-devel-linux-x86_64-fedora-clang 0.11.1 75.16 NOTE
r-devel-linux-x86_64-fedora-gcc 0.11.1 76.47 OK
r-devel-windows-ix86+x86_64 0.11.1 89.00 80.00 169.00 OK
r-patched-linux-x86_64 0.11.1 25.63 27.56 53.19 OK
r-patched-solaris-x86 0.11.1 82.80 OK
r-release-linux-x86_64 0.11.1 24.42 27.17 51.59 OK
r-release-windows-ix86+x86_64 0.11.1 70.00 70.00 140.00 OK
r-release-osx-x86_64 0.11.1 NOTE
r-oldrel-windows-ix86+x86_64 0.11.1 141.00 81.00 222.00 OK
r-oldrel-osx-x86_64 0.11.1 NOTE

Check Details

Version: 0.11.1
Check: installed package size
Result: NOTE
     installed size is 5.1Mb
     sub-directories of 1Mb or more:
     doxygen 1.5Mb
     libs 3.0Mb
Flavors: r-devel-linux-x86_64-fedora-clang, r-release-osx-x86_64, r-oldrel-osx-x86_64