CRAN Package Check Results for Package RNifti

Last updated on 2019-06-17 19:47:21 CEST.

Flavor Version Tinstall Tcheck Ttotal Status Flags
r-devel-linux-x86_64-debian-clang 0.10.0 30.14 26.86 57.00 OK
r-devel-linux-x86_64-debian-gcc 0.10.0 25.74 21.69 47.43 OK
r-devel-linux-x86_64-fedora-clang 0.10.0 79.71 NOTE
r-devel-linux-x86_64-fedora-gcc 0.10.0 71.07 OK
r-devel-windows-ix86+x86_64 0.10.0 94.00 78.00 172.00 OK
r-patched-linux-x86_64 0.10.0 27.83 26.79 54.62 OK
r-patched-solaris-x86 0.10.0 94.90 OK
r-release-linux-x86_64 0.10.0 29.17 26.66 55.83 OK
r-release-windows-ix86+x86_64 0.10.0 107.00 83.00 190.00 OK
r-release-osx-x86_64 0.10.0 NOTE
r-oldrel-windows-ix86+x86_64 0.10.0 72.00 85.00 157.00 OK
r-oldrel-osx-x86_64 0.10.0 NOTE

Check Details

Version: 0.10.0
Check: installed package size
Result: NOTE
     installed size is 5.1Mb
     sub-directories of 1Mb or more:
     doxygen 1.3Mb
     libs 3.2Mb
Flavors: r-devel-linux-x86_64-fedora-clang, r-release-osx-x86_64, r-oldrel-osx-x86_64