CRAN Package Check Results for Package RNifti

Last updated on 2020-07-04 19:47:45 CEST.

Flavor Version Tinstall Tcheck Ttotal Status Flags
r-devel-linux-x86_64-debian-clang 1.1.0 32.89 35.57 68.46 OK
r-devel-linux-x86_64-debian-gcc 1.1.0 26.71 27.82 54.53 OK
r-devel-linux-x86_64-fedora-clang 1.1.0 94.80 NOTE
r-devel-linux-x86_64-fedora-gcc 1.1.0 89.12 OK
r-devel-windows-ix86+x86_64 1.1.0 100.00 101.00 201.00 NOTE
r-patched-linux-x86_64 1.1.0 29.65 34.67 64.32 OK
r-patched-solaris-x86 1.1.0 104.00 OK
r-release-linux-x86_64 1.1.0 31.65 34.60 66.25 OK
r-release-osx-x86_64 1.1.0 NOTE
r-release-windows-ix86+x86_64 1.1.0 75.00 74.00 149.00 NOTE
r-oldrel-osx-x86_64 1.1.0 NOTE
r-oldrel-windows-ix86+x86_64 1.1.0 82.00 99.00 181.00 OK

Check Details

Version: 1.1.0
Check: installed package size
Result: NOTE
     installed size is 6.2Mb
     sub-directories of 1Mb or more:
     doxygen 1.6Mb
     libs 3.6Mb
Flavors: r-devel-linux-x86_64-fedora-clang, r-devel-windows-ix86+x86_64, r-release-osx-x86_64, r-release-windows-ix86+x86_64, r-oldrel-osx-x86_64