CRAN Package Check Results for Package RNHANES

Last updated on 2021-04-21 04:49:11 CEST.

Flavor Version Tinstall Tcheck Ttotal Status Flags
r-devel-linux-x86_64-debian-clang 1.1.0 12.24 94.07 106.31 NOTE
r-devel-linux-x86_64-debian-gcc 1.1.0 8.50 72.43 80.93 NOTE
r-devel-linux-x86_64-fedora-clang 1.1.0 130.80 NOTE
r-devel-linux-x86_64-fedora-gcc 1.1.0 128.31 NOTE
r-devel-windows-ix86+x86_64 1.1.0 19.00 86.00 105.00 NOTE
r-devel-windows-x86_64-gcc10-UCRT 1.1.0 NOTE
r-patched-linux-x86_64 1.1.0 9.79 87.42 97.21 OK
r-patched-solaris-x86 1.1.0 188.30 OK
r-release-linux-x86_64 1.1.0 10.08 87.01 97.09 OK
r-release-macos-x86_64 1.1.0 OK
r-release-windows-ix86+x86_64 1.1.0 24.00 116.00 140.00 OK
r-oldrel-macos-x86_64 1.1.0 OK
r-oldrel-windows-ix86+x86_64 1.1.0 27.00 111.00 138.00 OK

Check Details

Version: 1.1.0
Check: LazyData
Result: NOTE
     'LazyData' is specified without a 'data' directory
Flavors: r-devel-linux-x86_64-debian-clang, r-devel-linux-x86_64-debian-gcc, r-devel-linux-x86_64-fedora-clang, r-devel-linux-x86_64-fedora-gcc, r-devel-windows-ix86+x86_64, r-devel-windows-x86_64-gcc10-UCRT