CRAN Package Check Results for Package RDML

Last updated on 2019-06-20 05:48:40 CEST.

Flavor Version Tinstall Tcheck Ttotal Status Flags
r-devel-linux-x86_64-debian-clang 0.9-9 29.37 162.70 192.07 OK
r-devel-linux-x86_64-debian-gcc 0.9-9 25.00 124.49 149.49 OK
r-devel-linux-x86_64-fedora-clang 0.9-9 193.52 OK
r-devel-linux-x86_64-fedora-gcc 0.9-9 180.39 OK
r-devel-windows-ix86+x86_64 0.9-9 58.00 171.00 229.00 OK
r-patched-linux-x86_64 0.9-9 26.17 141.91 168.08 OK
r-patched-solaris-x86 0.9-9 237.50 NOTE
r-release-linux-x86_64 0.9-9 27.36 141.12 168.48 OK
r-release-windows-ix86+x86_64 0.9-9 52.00 250.00 302.00 OK
r-release-osx-x86_64 0.9-9 FAIL
r-oldrel-windows-ix86+x86_64 0.9-9 37.00 119.00 156.00 OK
r-oldrel-osx-x86_64 0.9-9 OK

Check Details

Version: 0.9-9
Check: installed package size
Result: NOTE
     installed size is 5.2Mb
     sub-directories of 1Mb or more:
     R 1.4Mb
     doc 2.6Mb
Flavor: r-patched-solaris-x86

Version: 0.9-9
Check: re-building of vignette outputs
Result: FAIL
    
Flavor: r-release-osx-x86_64