CRAN Package Check Results for Package RBesT

Last updated on 2019-06-25 19:49:54 CEST.

Flavor Version Tinstall Tcheck Ttotal Status Flags
r-devel-linux-x86_64-debian-clang 1.3-8 103.39 426.33 529.72 NOTE
r-devel-linux-x86_64-debian-gcc 1.3-8 106.24 293.41 399.65 NOTE
r-devel-linux-x86_64-fedora-clang 1.3-8 651.07 NOTE
r-devel-linux-x86_64-fedora-gcc 1.3-8 629.17 NOTE
r-devel-windows-ix86+x86_64 1.3-8 255.00 759.00 1014.00 NOTE
r-patched-linux-x86_64 1.3-8 120.80 404.39 525.19 NOTE
r-patched-solaris-x86 1.3-8 793.40 NOTE
r-release-linux-x86_64 1.3-8 118.74 408.21 526.95 NOTE
r-release-windows-ix86+x86_64 1.3-8 201.00 610.00 811.00 NOTE
r-release-osx-x86_64 1.3-8 NOTE
r-oldrel-windows-ix86+x86_64 1.3-8 181.00 479.00 660.00 NOTE
r-oldrel-osx-x86_64 1.3-8 NOTE

Check Details

Version: 1.3-8
Check: for GNU extensions in Makefiles
Result: NOTE
    GNU make is a SystemRequirements.
Flavors: r-devel-linux-x86_64-debian-clang, r-devel-linux-x86_64-debian-gcc, r-devel-linux-x86_64-fedora-clang, r-devel-linux-x86_64-fedora-gcc, r-devel-windows-ix86+x86_64, r-patched-linux-x86_64, r-patched-solaris-x86, r-release-linux-x86_64, r-release-windows-ix86+x86_64, r-release-osx-x86_64, r-oldrel-windows-ix86+x86_64, r-oldrel-osx-x86_64

Version: 1.3-8
Check: installed package size
Result: NOTE
     installed size is 29.6Mb
     sub-directories of 1Mb or more:
     doc 2.0Mb
     libs 26.8Mb
Flavors: r-devel-linux-x86_64-fedora-clang, r-devel-windows-ix86+x86_64, r-patched-solaris-x86, r-release-windows-ix86+x86_64, r-release-osx-x86_64, r-oldrel-windows-ix86+x86_64, r-oldrel-osx-x86_64