CRAN Package Check Results for Package RBesT

Last updated on 2019-09-24 07:48:44 CEST.

Flavor Version Tinstall Tcheck Ttotal Status Flags
r-devel-linux-x86_64-debian-clang 1.5-3 108.69 323.18 431.87 NOTE
r-devel-linux-x86_64-debian-gcc 1.5-3 118.86 224.60 343.46 NOTE
r-devel-linux-x86_64-fedora-clang 1.5-3 525.60 NOTE
r-devel-linux-x86_64-fedora-gcc 1.5-3 555.08 NOTE
r-devel-windows-ix86+x86_64 1.5-3 271.00 489.00 760.00 NOTE
r-patched-linux-x86_64 1.5-3 115.94 301.54 417.48 NOTE
r-patched-solaris-x86 1.5-3 592.80 NOTE
r-release-linux-x86_64 1.5-3 112.34 305.06 417.40 NOTE
r-release-windows-ix86+x86_64 1.5-3 278.00 494.00 772.00 NOTE
r-release-osx-x86_64 1.5-3 NOTE
r-oldrel-windows-ix86+x86_64 1.5-3 183.00 355.00 538.00 NOTE
r-oldrel-osx-x86_64 1.5-3 NOTE

Check Details

Version: 1.5-3
Check: for GNU extensions in Makefiles
Result: NOTE
    GNU make is a SystemRequirements.
Flavors: r-devel-linux-x86_64-debian-clang, r-devel-linux-x86_64-debian-gcc, r-devel-linux-x86_64-fedora-clang, r-devel-linux-x86_64-fedora-gcc, r-devel-windows-ix86+x86_64, r-patched-linux-x86_64, r-patched-solaris-x86, r-release-linux-x86_64, r-release-windows-ix86+x86_64, r-release-osx-x86_64, r-oldrel-windows-ix86+x86_64, r-oldrel-osx-x86_64

Version: 1.5-3
Check: installed package size
Result: NOTE
     installed size is 30.7Mb
     sub-directories of 1Mb or more:
     doc 1.9Mb
     libs 27.9Mb
Flavors: r-devel-linux-x86_64-fedora-clang, r-devel-windows-ix86+x86_64, r-patched-solaris-x86, r-release-windows-ix86+x86_64, r-release-osx-x86_64, r-oldrel-windows-ix86+x86_64, r-oldrel-osx-x86_64