CRAN Package Check Results for Package PopED

Last updated on 2019-09-22 19:51:28 CEST.

Flavor Version Tinstall Tcheck Ttotal Status Flags
r-devel-linux-x86_64-debian-clang 0.4.0 18.46 393.70 412.16 NOTE
r-devel-linux-x86_64-debian-gcc 0.4.0 16.31 287.02 303.33 NOTE
r-devel-linux-x86_64-fedora-clang 0.4.0 470.86 NOTE
r-devel-linux-x86_64-fedora-gcc 0.4.0 464.68 NOTE
r-devel-windows-ix86+x86_64 0.4.0 49.00 528.00 577.00 OK
r-patched-linux-x86_64 0.4.0 21.31 377.72 399.03 OK
r-patched-solaris-x86 0.4.0 600.00 NOTE
r-release-linux-x86_64 0.4.0 17.04 386.13 403.17 OK
r-release-windows-ix86+x86_64 0.4.0 42.00 512.00 554.00 OK
r-release-osx-x86_64 0.4.0 NOTE
r-oldrel-windows-ix86+x86_64 0.4.0 23.00 422.00 445.00 OK
r-oldrel-osx-x86_64 0.4.0 NOTE

Check Details

Version: 0.4.0
Check: for non-standard things in the check directory
Result: NOTE
    Found the following files/directories:
     'PopED_output_summary_D_cont_opt_1.txt' 'PopED_output_summary_RS.txt'
     'PopED_output_summary_mfea_opt_1.txt' 'test.csv'
Flavors: r-devel-linux-x86_64-debian-clang, r-devel-linux-x86_64-debian-gcc, r-devel-linux-x86_64-fedora-clang, r-devel-linux-x86_64-fedora-gcc

Version: 0.4.0
Check: dependencies in R code
Result: NOTE
    Namespace in Imports field not imported from: ‘tidyr’
     All declared Imports should be used.
Flavors: r-devel-linux-x86_64-fedora-clang, r-devel-linux-x86_64-fedora-gcc, r-patched-solaris-x86, r-release-osx-x86_64, r-oldrel-osx-x86_64