CRAN Package Check Results for Package PopED

Last updated on 2019-06-20 05:48:37 CEST.

Flavor Version Tinstall Tcheck Ttotal Status Flags
r-devel-linux-x86_64-debian-clang 0.4.0 18.29 394.16 412.45 NOTE
r-devel-linux-x86_64-debian-gcc 0.4.0 17.10 286.15 303.25 NOTE
r-devel-linux-x86_64-fedora-clang 0.4.0 464.75 NOTE
r-devel-linux-x86_64-fedora-gcc 0.4.0 445.92 NOTE
r-devel-windows-ix86+x86_64 0.4.0 41.00 525.00 566.00 OK
r-patched-linux-x86_64 0.4.0 16.61 386.06 402.67 OK
r-patched-solaris-x86 0.4.0 597.00 NOTE
r-release-linux-x86_64 0.4.0 14.87 390.92 405.79 OK
r-release-windows-ix86+x86_64 0.4.0 48.00 492.00 540.00 OK
r-release-osx-x86_64 0.4.0 NOTE
r-oldrel-windows-ix86+x86_64 0.4.0 22.00 455.00 477.00 OK
r-oldrel-osx-x86_64 0.4.0 NOTE

Check Details

Version: 0.4.0
Check: for non-standard things in the check directory
Result: NOTE
    Found the following files/directories:
     'PopED_output_summary_D_cont_opt_1.txt' 'PopED_output_summary_RS.txt'
     'PopED_output_summary_mfea_opt_1.txt' 'test.csv'
Flavors: r-devel-linux-x86_64-debian-clang, r-devel-linux-x86_64-debian-gcc, r-devel-linux-x86_64-fedora-clang, r-devel-linux-x86_64-fedora-gcc

Version: 0.4.0
Check: dependencies in R code
Result: NOTE
    Namespace in Imports field not imported from: ‘tidyr’
     All declared Imports should be used.
Flavors: r-devel-linux-x86_64-fedora-clang, r-devel-linux-x86_64-fedora-gcc, r-patched-solaris-x86, r-release-osx-x86_64, r-oldrel-osx-x86_64