CRAN Package Check Results for Package PhyInformR

Last updated on 2019-06-17 19:47:16 CEST.

Flavor Version Tinstall Tcheck Ttotal Status Flags
r-devel-linux-x86_64-debian-clang 1.0 9.14 73.29 82.43 NOTE
r-devel-linux-x86_64-debian-gcc 1.0 7.61 56.33 63.94 NOTE
r-devel-linux-x86_64-fedora-clang 1.0 99.36 NOTE
r-devel-linux-x86_64-fedora-gcc 1.0 92.90 NOTE
r-devel-windows-ix86+x86_64 1.0 29.00 83.00 112.00 OK
r-patched-linux-x86_64 1.0 9.58 73.43 83.01 OK
r-patched-solaris-x86 1.0 150.30 NOTE
r-release-linux-x86_64 1.0 10.38 73.39 83.77 OK
r-release-windows-ix86+x86_64 1.0 22.00 115.00 137.00 OK
r-release-osx-x86_64 1.0 FAIL
r-oldrel-windows-ix86+x86_64 1.0 13.00 129.00 142.00 OK
r-oldrel-osx-x86_64 1.0 NOTE

Check Details

Version: 1.0
Check: for non-standard things in the check directory
Result: NOTE
    Found the following files/directories:
     'output_values'
Flavors: r-devel-linux-x86_64-debian-clang, r-devel-linux-x86_64-debian-gcc, r-devel-linux-x86_64-fedora-clang, r-devel-linux-x86_64-fedora-gcc

Version: 1.0
Check: dependencies in R code
Result: NOTE
    Namespaces in Imports field not imported from:
     ‘gplots’ ‘phytools’
     All declared Imports should be used.
Flavors: r-devel-linux-x86_64-fedora-clang, r-devel-linux-x86_64-fedora-gcc, r-patched-solaris-x86, r-oldrel-osx-x86_64

Version: 1.0
Check: whether package can be installed
Result: FAIL
    
Flavor: r-release-osx-x86_64