CRAN Package Check Results for Package PhyInformR

Last updated on 2020-07-04 19:47:39 CEST.

Flavor Version Tinstall Tcheck Ttotal Status Flags
r-devel-linux-x86_64-debian-clang 1.0 16.21 122.35 138.56 NOTE
r-devel-linux-x86_64-debian-gcc 1.0 12.76 93.81 106.57 NOTE
r-devel-linux-x86_64-fedora-clang 1.0 174.52 NOTE
r-devel-linux-x86_64-fedora-gcc 1.0 164.91 NOTE
r-devel-windows-ix86+x86_64 1.0 41.00 179.00 220.00 OK
r-patched-linux-x86_64 1.0 15.52 118.59 134.11 NOTE
r-patched-solaris-x86 1.0 255.10 NOTE
r-release-linux-x86_64 1.0 15.43 120.00 135.43 NOTE
r-release-osx-x86_64 1.0 NOTE
r-release-windows-ix86+x86_64 1.0 30.00 125.00 155.00 OK
r-oldrel-osx-x86_64 1.0 FAIL
r-oldrel-windows-ix86+x86_64 1.0 34.00 171.00 205.00 OK

Check Details

Version: 1.0
Check: for non-standard things in the check directory
Result: NOTE
    Found the following files/directories:
     'output_values'
Flavors: r-devel-linux-x86_64-debian-clang, r-devel-linux-x86_64-debian-gcc, r-devel-linux-x86_64-fedora-clang, r-devel-linux-x86_64-fedora-gcc, r-patched-linux-x86_64, r-patched-solaris-x86, r-release-linux-x86_64

Version: 1.0
Check: dependencies in R code
Result: NOTE
    Namespaces in Imports field not imported from:
     ‘gplots’ ‘phytools’
     All declared Imports should be used.
Flavors: r-devel-linux-x86_64-fedora-clang, r-devel-linux-x86_64-fedora-gcc, r-patched-solaris-x86, r-release-osx-x86_64

Version: 1.0
Check: whether package can be installed
Result: FAIL
Flavor: r-oldrel-osx-x86_64