CRAN Package Check Results for Package PhyInformR

Last updated on 2019-08-18 19:52:06 CEST.

Flavor Version Tinstall Tcheck Ttotal Status Flags
r-devel-linux-x86_64-debian-clang 1.0 10.21 72.90 83.11 NOTE
r-devel-linux-x86_64-debian-gcc 1.0 7.50 56.69 64.19 NOTE
r-devel-linux-x86_64-fedora-clang 1.0 100.82 NOTE
r-devel-linux-x86_64-fedora-gcc 1.0 96.09 NOTE
r-devel-windows-ix86+x86_64 1.0 32.00 110.00 142.00 OK
r-patched-linux-x86_64 1.0 10.33 74.09 84.42 OK
r-patched-solaris-x86 1.0 154.20 NOTE
r-release-linux-x86_64 1.0 10.36 72.34 82.70 OK
r-release-windows-ix86+x86_64 1.0 17.00 82.00 99.00 OK
r-release-osx-x86_64 1.0 FAIL
r-oldrel-windows-ix86+x86_64 1.0 25.00 107.00 132.00 OK
r-oldrel-osx-x86_64 1.0 NOTE

Check Details

Version: 1.0
Check: for non-standard things in the check directory
Result: NOTE
    Found the following files/directories:
     'output_values'
Flavors: r-devel-linux-x86_64-debian-clang, r-devel-linux-x86_64-debian-gcc, r-devel-linux-x86_64-fedora-clang, r-devel-linux-x86_64-fedora-gcc

Version: 1.0
Check: dependencies in R code
Result: NOTE
    Namespaces in Imports field not imported from:
     ‘gplots’ ‘phytools’
     All declared Imports should be used.
Flavors: r-devel-linux-x86_64-fedora-clang, r-devel-linux-x86_64-fedora-gcc, r-patched-solaris-x86, r-oldrel-osx-x86_64

Version: 1.0
Check: whether package can be installed
Result: FAIL
    
Flavor: r-release-osx-x86_64