CRAN Package Check Results for Package PerMallows

Last updated on 2019-09-22 19:51:26 CEST.

Flavor Version Tinstall Tcheck Ttotal Status Flags
r-devel-linux-x86_64-debian-clang 1.13 17.29 28.16 45.45 NOTE
r-devel-linux-x86_64-debian-gcc 1.13 11.90 22.97 34.87 NOTE
r-devel-linux-x86_64-fedora-clang 1.13 71.23 NOTE
r-devel-linux-x86_64-fedora-gcc 1.13 57.59 NOTE
r-devel-windows-ix86+x86_64 1.13 59.00 64.00 123.00 OK
r-patched-linux-x86_64 1.13 14.29 27.86 42.15 OK
r-patched-solaris-x86 1.13 77.10 OK
r-release-linux-x86_64 1.13 14.24 27.74 41.98 OK
r-release-windows-ix86+x86_64 1.13 72.00 85.00 157.00 OK
r-release-osx-x86_64 1.13 OK
r-oldrel-windows-ix86+x86_64 1.13 37.00 52.00 89.00 OK
r-oldrel-osx-x86_64 1.13 OK

Additional issues

rchk

Check Details

Version: 1.13
Check: for non-standard things in the check directory
Result: NOTE
    Found the following files/directories:
     'permus_per_dist_4' 'permus_per_shape_bin_4_0'
     'permus_per_shape_bin_4_1' 'permus_per_shape_bin_4_2'
     'permus_per_shape_bin_4_3'
Flavors: r-devel-linux-x86_64-debian-clang, r-devel-linux-x86_64-debian-gcc, r-devel-linux-x86_64-fedora-clang, r-devel-linux-x86_64-fedora-gcc