CRAN Package Check Results for Package PerMallows

Last updated on 2019-06-24 19:50:11 CEST.

Flavor Version Tinstall Tcheck Ttotal Status Flags
r-devel-linux-x86_64-debian-clang 1.13 17.16 28.72 45.88 NOTE
r-devel-linux-x86_64-debian-gcc 1.13 12.23 23.42 35.65 NOTE
r-devel-linux-x86_64-fedora-clang 1.13 68.61 NOTE
r-devel-linux-x86_64-fedora-gcc 1.13 54.32 NOTE
r-devel-windows-ix86+x86_64 1.13 59.00 87.00 146.00 OK
r-patched-linux-x86_64 1.13 14.60 28.82 43.42 OK
r-patched-solaris-x86 1.13 77.00 OK
r-release-linux-x86_64 1.13 14.44 28.53 42.97 OK
r-release-windows-ix86+x86_64 1.13 69.00 76.00 145.00 OK
r-release-osx-x86_64 1.13 OK
r-oldrel-windows-ix86+x86_64 1.13 37.00 56.00 93.00 OK
r-oldrel-osx-x86_64 1.13 OK

Check Details

Version: 1.13
Check: for non-standard things in the check directory
Result: NOTE
    Found the following files/directories:
     'permus_per_dist_4' 'permus_per_shape_bin_4_0'
     'permus_per_shape_bin_4_1' 'permus_per_shape_bin_4_2'
     'permus_per_shape_bin_4_3'
Flavors: r-devel-linux-x86_64-debian-clang, r-devel-linux-x86_64-debian-gcc, r-devel-linux-x86_64-fedora-clang, r-devel-linux-x86_64-fedora-gcc