CRAN Package Check Results for Package PenCoxFrail

Last updated on 2019-02-17 23:52:01 CET.

Flavor Version Tinstall Tcheck Ttotal Status Flags
r-devel-linux-x86_64-debian-clang 1.0.1 26.01 57.31 83.32 OK
r-devel-linux-x86_64-debian-gcc 1.0.1 21.14 45.68 66.82 OK
r-devel-linux-x86_64-fedora-clang 1.0.1 113.57 NOTE
r-devel-linux-x86_64-fedora-gcc 1.0.1 107.40 NOTE
r-devel-windows-ix86+x86_64 1.0.1 74.00 90.00 164.00 OK
r-patched-linux-x86_64 1.0.1 25.11 53.56 78.67 OK
r-patched-solaris-x86 1.0.1 137.50 OK
r-release-linux-x86_64 1.0.1 OK
r-release-windows-ix86+x86_64 1.0.1 52.00 117.00 169.00 OK
r-release-osx-x86_64 1.0.1 OK
r-oldrel-windows-ix86+x86_64 1.0.1 72.00 120.00 192.00 OK
r-oldrel-osx-x86_64 1.0.1 OK

Check Details

Version: 1.0.1
Check: compiled code
Result: NOTE
    File ‘PenCoxFrail/libs/PenCoxFrail.so’:
     Found no calls to: ‘R_registerRoutines’, ‘R_useDynamicSymbols’
    
    It is good practice to register native routines and to disable symbol
    search.
    
    See ‘Writing portable packages’ in the ‘Writing R Extensions’ manual.
Flavors: r-devel-linux-x86_64-fedora-clang, r-devel-linux-x86_64-fedora-gcc