CRAN Package Check Results for Package PenCoxFrail

Last updated on 2018-07-16 13:47:11 CEST.

Flavor Version Tinstall Tcheck Ttotal Status Flags
r-devel-linux-x86_64-debian-clang 1.0.1 27.99 57.25 85.24 NOTE
r-devel-linux-x86_64-debian-gcc 1.0.1 23.76 51.62 75.38 NOTE
r-devel-linux-x86_64-fedora-clang 1.0.1 112.49 NOTE
r-devel-linux-x86_64-fedora-gcc 1.0.1 108.07 NOTE
r-devel-windows-ix86+x86_64 1.0.1 76.00 99.00 175.00 OK
r-patched-linux-x86_64 1.0.1 28.61 54.75 83.36 NOTE
r-patched-solaris-x86 1.0.1 137.90 OK
r-release-linux-x86_64 1.0.1 27.00 54.57 81.57 NOTE
r-release-windows-ix86+x86_64 1.0.1 71.00 97.00 168.00 OK
r-release-osx-x86_64 1.0.1 OK
r-oldrel-windows-ix86+x86_64 1.0.1 47.00 80.00 127.00 OK
r-oldrel-osx-x86_64 1.0.1 OK

Check Details

Version: 1.0.1
Check: compiled code
Result: NOTE
    File ‘PenCoxFrail/libs/PenCoxFrail.so’:
     Found no calls to: ‘R_registerRoutines’, ‘R_useDynamicSymbols’
    
    It is good practice to register native routines and to disable symbol
    search.
    
    See ‘Writing portable packages’ in the ‘Writing R Extensions’ manual.
Flavors: r-devel-linux-x86_64-debian-clang, r-devel-linux-x86_64-debian-gcc, r-devel-linux-x86_64-fedora-clang, r-devel-linux-x86_64-fedora-gcc, r-patched-linux-x86_64, r-release-linux-x86_64