CRAN Package Check Results for Package PenCoxFrail

Last updated on 2018-11-15 00:06:06 CET.

Flavor Version Tinstall Tcheck Ttotal Status Flags
r-devel-linux-x86_64-debian-clang 1.0.1 26.67 66.43 93.10 OK
r-devel-linux-x86_64-debian-gcc 1.0.1 25.05 52.56 77.61 OK
r-devel-linux-x86_64-fedora-clang 1.0.1 120.54 NOTE
r-devel-linux-x86_64-fedora-gcc 1.0.1 113.15 NOTE
r-devel-windows-ix86+x86_64 1.0.1 52.00 139.00 191.00 OK
r-patched-linux-x86_64 1.0.1 23.86 54.95 78.81 OK
r-patched-solaris-x86 1.0.1 140.40 OK
r-release-linux-x86_64 1.0.1 28.09 54.36 82.45 OK
r-release-windows-ix86+x86_64 1.0.1 68.00 117.00 185.00 OK
r-release-osx-x86_64 1.0.1 OK
r-oldrel-windows-ix86+x86_64 1.0.1 69.00 122.00 191.00 OK
r-oldrel-osx-x86_64 1.0.1 OK

Check Details

Version: 1.0.1
Check: compiled code
Result: NOTE
    File ‘PenCoxFrail/libs/PenCoxFrail.so’:
     Found no calls to: ‘R_registerRoutines’, ‘R_useDynamicSymbols’
    
    It is good practice to register native routines and to disable symbol
    search.
    
    See ‘Writing portable packages’ in the ‘Writing R Extensions’ manual.
Flavors: r-devel-linux-x86_64-fedora-clang, r-devel-linux-x86_64-fedora-gcc