CRAN Package Check Results for Package PanelCount

Last updated on 2019-06-19 19:46:47 CEST.

Flavor Version Tinstall Tcheck Ttotal Status Flags
r-devel-linux-x86_64-debian-clang 1.0.9 25.49 30.05 55.54 OK
r-devel-linux-x86_64-debian-gcc 1.0.9 20.23 23.69 43.92 OK
r-devel-linux-x86_64-fedora-clang 1.0.9 75.83 NOTE
r-devel-linux-x86_64-fedora-gcc 1.0.9 69.74 NOTE
r-devel-windows-ix86+x86_64 1.0.9 75.00 96.00 171.00 OK
r-patched-linux-x86_64 1.0.9 23.82 29.92 53.74 OK
r-patched-solaris-x86 1.0.9 84.60 OK
r-release-linux-x86_64 1.0.9 24.12 30.42 54.54 OK
r-release-windows-ix86+x86_64 1.0.9 54.00 76.00 130.00 OK
r-release-osx-x86_64 1.0.9 OK
r-oldrel-windows-ix86+x86_64 1.0.9 43.00 78.00 121.00 OK
r-oldrel-osx-x86_64 1.0.9 OK

Check Details

Version: 1.0.9
Check: compiled code
Result: NOTE
    File ‘PanelCount/libs/PanelCount.so’:
     Found no calls to: ‘R_registerRoutines’, ‘R_useDynamicSymbols’
    
    It is good practice to register native routines and to disable symbol
    search.
    
    See ‘Writing portable packages’ in the ‘Writing R Extensions’ manual.
Flavors: r-devel-linux-x86_64-fedora-clang, r-devel-linux-x86_64-fedora-gcc