CRAN Package Check Results for Package PanelCount

Last updated on 2019-09-22 19:51:26 CEST.

Flavor Version Tinstall Tcheck Ttotal Status Flags
r-devel-linux-x86_64-debian-clang 1.0.9 24.88 28.81 53.69 OK
r-devel-linux-x86_64-debian-gcc 1.0.9 20.98 23.53 44.51 OK
r-devel-linux-x86_64-fedora-clang 1.0.9 76.90 NOTE
r-devel-linux-x86_64-fedora-gcc 1.0.9 73.53 NOTE
r-devel-windows-ix86+x86_64 1.0.9 98.00 84.00 182.00 OK
r-patched-linux-x86_64 1.0.9 23.89 29.13 53.02 OK
r-patched-solaris-x86 1.0.9 86.50 OK
r-release-linux-x86_64 1.0.9 22.83 29.34 52.17 OK
r-release-windows-ix86+x86_64 1.0.9 64.00 80.00 144.00 OK
r-release-osx-x86_64 1.0.9 OK
r-oldrel-windows-ix86+x86_64 1.0.9 39.00 58.00 97.00 OK
r-oldrel-osx-x86_64 1.0.9 OK

Check Details

Version: 1.0.9
Check: compiled code
Result: NOTE
    File ‘PanelCount/libs/PanelCount.so’:
     Found no calls to: ‘R_registerRoutines’, ‘R_useDynamicSymbols’
    
    It is good practice to register native routines and to disable symbol
    search.
    
    See ‘Writing portable packages’ in the ‘Writing R Extensions’ manual.
Flavors: r-devel-linux-x86_64-fedora-clang, r-devel-linux-x86_64-fedora-gcc