CRAN Package Check Results for Package PSCBS

Last updated on 2019-09-24 07:48:43 CEST.

Flavor Version Tinstall Tcheck Ttotal Status Flags
r-devel-linux-x86_64-debian-clang 0.65.0 17.64 322.80 340.44 OK
r-devel-linux-x86_64-debian-gcc 0.65.0 13.92 252.71 266.63 OK
r-devel-linux-x86_64-fedora-clang 0.65.0 397.08 OK
r-devel-linux-x86_64-fedora-gcc 0.65.0 409.65 OK
r-devel-windows-ix86+x86_64 0.65.0 45.00 473.00 518.00 OK
r-patched-linux-x86_64 0.65.0 15.69 322.50 338.19 OK
r-patched-solaris-x86 0.65.0 701.60 OK
r-release-linux-x86_64 0.65.0 17.30 325.11 342.41 OK
r-release-windows-ix86+x86_64 0.65.0 33.00 443.00 476.00 OK
r-release-osx-x86_64 0.65.0 ERROR
r-oldrel-windows-ix86+x86_64 0.65.0 18.00 320.00 338.00 OK
r-oldrel-osx-x86_64 0.65.0 OK

Check Details

Version: 0.65.0
Check: package dependencies
Result: ERROR
    Packages required but not available: 'aroma.light', 'DNAcopy'
    
    See section ‘The DESCRIPTION file’ in the ‘Writing R Extensions’
    manual.
Flavor: r-release-osx-x86_64