CRAN Package Check Results for Package PSCBS

Last updated on 2019-06-25 19:49:53 CEST.

Flavor Version Tinstall Tcheck Ttotal Status Flags
r-devel-linux-x86_64-debian-clang 0.65.0 17.88 315.51 333.39 OK
r-devel-linux-x86_64-debian-gcc 0.65.0 13.54 252.70 266.24 OK
r-devel-linux-x86_64-fedora-clang 0.65.0 388.10 OK
r-devel-linux-x86_64-fedora-gcc 0.65.0 392.42 OK
r-devel-windows-ix86+x86_64 0.65.0 41.00 461.00 502.00 OK
r-patched-linux-x86_64 0.65.0 17.06 325.13 342.19 OK
r-patched-solaris-x86 0.65.0 714.70 OK
r-release-linux-x86_64 0.65.0 18.41 323.33 341.74 OK
r-release-windows-ix86+x86_64 0.65.0 26.00 374.00 400.00 OK
r-release-osx-x86_64 0.65.0 ERROR
r-oldrel-windows-ix86+x86_64 0.65.0 21.00 323.00 344.00 OK
r-oldrel-osx-x86_64 0.65.0 OK

Check Details

Version: 0.65.0
Check: package dependencies
Result: ERROR
    Packages required but not available: 'aroma.light', 'DNAcopy'
    
    See section ‘The DESCRIPTION file’ in the ‘Writing R Extensions’
    manual.
Flavor: r-release-osx-x86_64