CRAN Package Check Results for Package PKPDmodels

Last updated on 2019-08-18 19:52:06 CEST.

Flavor Version Tinstall Tcheck Ttotal Status Flags
r-devel-linux-x86_64-debian-clang 0.3.2 1.75 21.55 23.30 NOTE
r-devel-linux-x86_64-debian-gcc 0.3.2 1.40 17.66 19.06 NOTE
r-devel-linux-x86_64-fedora-clang 0.3.2 31.35 NOTE
r-devel-linux-x86_64-fedora-gcc 0.3.2 28.05 NOTE
r-devel-windows-ix86+x86_64 0.3.2 7.00 49.00 56.00 NOTE
r-patched-linux-x86_64 0.3.2 1.43 21.55 22.98 NOTE
r-patched-solaris-x86 0.3.2 46.40 NOTE
r-release-linux-x86_64 0.3.2 1.68 21.69 23.37 NOTE
r-release-windows-ix86+x86_64 0.3.2 4.00 34.00 38.00 NOTE
r-release-osx-x86_64 0.3.2 NOTE
r-oldrel-windows-ix86+x86_64 0.3.2 5.00 44.00 49.00 NOTE
r-oldrel-osx-x86_64 0.3.2 NOTE

Check Details

Version: 0.3.2
Check: R code for possible problems
Result: NOTE
    PKmod: no visible global function definition for 'deriv'
    Undefined global functions or variables:
     deriv
    Consider adding
     importFrom("stats", "deriv")
    to your NAMESPACE file.
Flavors: r-devel-linux-x86_64-debian-clang, r-devel-linux-x86_64-debian-gcc, r-devel-linux-x86_64-fedora-clang, r-devel-linux-x86_64-fedora-gcc, r-devel-windows-ix86+x86_64, r-patched-linux-x86_64, r-patched-solaris-x86, r-release-linux-x86_64, r-release-windows-ix86+x86_64, r-release-osx-x86_64, r-oldrel-windows-ix86+x86_64, r-oldrel-osx-x86_64