CRAN Package Check Results for Package PKPDmodels

Last updated on 2019-06-17 19:47:16 CEST.

Flavor Version Tinstall Tcheck Ttotal Status Flags
r-devel-linux-x86_64-debian-clang 0.3.2 1.62 21.10 22.72 NOTE
r-devel-linux-x86_64-debian-gcc 0.3.2 1.36 17.28 18.64 NOTE
r-devel-linux-x86_64-fedora-clang 0.3.2 29.03 NOTE
r-devel-linux-x86_64-fedora-gcc 0.3.2 27.69 NOTE
r-devel-windows-ix86+x86_64 0.3.2 7.00 37.00 44.00 NOTE
r-patched-linux-x86_64 0.3.2 1.60 21.07 22.67 NOTE
r-patched-solaris-x86 0.3.2 45.30 NOTE
r-release-linux-x86_64 0.3.2 1.56 21.18 22.74 NOTE
r-release-windows-ix86+x86_64 0.3.2 5.00 45.00 50.00 NOTE
r-release-osx-x86_64 0.3.2 NOTE
r-oldrel-windows-ix86+x86_64 0.3.2 3.00 54.00 57.00 NOTE
r-oldrel-osx-x86_64 0.3.2 NOTE

Check Details

Version: 0.3.2
Check: R code for possible problems
Result: NOTE
    PKmod: no visible global function definition for 'deriv'
    Undefined global functions or variables:
     deriv
    Consider adding
     importFrom("stats", "deriv")
    to your NAMESPACE file.
Flavors: r-devel-linux-x86_64-debian-clang, r-devel-linux-x86_64-debian-gcc, r-devel-linux-x86_64-fedora-clang, r-devel-linux-x86_64-fedora-gcc, r-devel-windows-ix86+x86_64, r-patched-linux-x86_64, r-patched-solaris-x86, r-release-linux-x86_64, r-release-windows-ix86+x86_64, r-release-osx-x86_64, r-oldrel-windows-ix86+x86_64, r-oldrel-osx-x86_64