CRAN Package Check Results for Package PKPDmodels

Last updated on 2020-07-04 19:47:39 CEST.

Flavor Version Tinstall Tcheck Ttotal Status Flags
r-devel-linux-x86_64-debian-clang 0.3.2 2.16 23.14 25.30 NOTE
r-devel-linux-x86_64-debian-gcc 0.3.2 1.69 18.67 20.36 NOTE
r-devel-linux-x86_64-fedora-clang 0.3.2 38.76 NOTE
r-devel-linux-x86_64-fedora-gcc 0.3.2 30.53 NOTE
r-devel-windows-ix86+x86_64 0.3.2 7.00 52.00 59.00 NOTE
r-patched-linux-x86_64 0.3.2 1.96 23.20 25.16 NOTE
r-patched-solaris-x86 0.3.2 46.60 NOTE
r-release-linux-x86_64 0.3.2 1.95 23.00 24.95 NOTE
r-release-osx-x86_64 0.3.2 NOTE
r-release-windows-ix86+x86_64 0.3.2 5.00 35.00 40.00 NOTE
r-oldrel-osx-x86_64 0.3.2 NOTE
r-oldrel-windows-ix86+x86_64 0.3.2 4.00 55.00 59.00 NOTE

Check Details

Version: 0.3.2
Check: R code for possible problems
Result: NOTE
    PKmod: no visible global function definition for 'deriv'
    Undefined global functions or variables:
     deriv
    Consider adding
     importFrom("stats", "deriv")
    to your NAMESPACE file.
Flavors: r-devel-linux-x86_64-debian-clang, r-devel-linux-x86_64-debian-gcc, r-devel-linux-x86_64-fedora-clang, r-devel-linux-x86_64-fedora-gcc, r-devel-windows-ix86+x86_64, r-patched-linux-x86_64, r-patched-solaris-x86, r-release-linux-x86_64, r-release-osx-x86_64, r-release-windows-ix86+x86_64, r-oldrel-osx-x86_64, r-oldrel-windows-ix86+x86_64