CRAN Package Check Results for Package PBSmodelling

Last updated on 2019-07-20 19:47:02 CEST.

Flavor Version Tinstall Tcheck Ttotal Status Flags
r-devel-linux-x86_64-debian-clang 2.68.8 20.36 92.28 112.64 OK
r-devel-linux-x86_64-debian-gcc 2.68.8 14.87 73.24 88.11 OK
r-devel-linux-x86_64-fedora-clang 2.68.8 150.42 NOTE
r-devel-linux-x86_64-fedora-gcc 2.68.8 145.03 OK
r-devel-windows-ix86+x86_64 2.68.8 29.00 155.00 184.00 OK
r-patched-linux-x86_64 2.68.8 20.68 95.23 115.91 OK
r-patched-solaris-x86 2.68.8 187.60 NOTE
r-release-linux-x86_64 2.68.8 20.38 95.21 115.59 OK
r-release-windows-ix86+x86_64 2.68.8 58.00 105.00 163.00 OK
r-release-osx-x86_64 2.68.8 NOTE
r-oldrel-windows-ix86+x86_64 2.68.8 52.00 99.00 151.00 OK
r-oldrel-osx-x86_64 2.68.8 NOTE

Check Details

Version: 2.68.8
Check: installed package size
Result: NOTE
     installed size is 5.3Mb
     sub-directories of 1Mb or more:
     doc 1.3Mb
     examples 1.7Mb
Flavors: r-devel-linux-x86_64-fedora-clang, r-patched-solaris-x86, r-release-osx-x86_64, r-oldrel-osx-x86_64