CRAN Package Check Results for Package PBSmodelling

Last updated on 2019-11-17 17:49:13 CET.

Flavor Version Tinstall Tcheck Ttotal Status Flags
r-devel-linux-x86_64-debian-clang 2.68.8 21.45 94.54 115.99 OK
r-devel-linux-x86_64-debian-gcc 2.68.8 15.63 72.60 88.23 OK
r-devel-linux-x86_64-fedora-clang 2.68.8 141.72 NOTE
r-devel-linux-x86_64-fedora-gcc 2.68.8 141.75 OK
r-devel-windows-ix86+x86_64 2.68.8 41.00 118.00 159.00 OK
r-patched-linux-x86_64 2.68.8 20.10 92.38 112.48 OK
r-patched-solaris-x86 2.68.8 195.40 NOTE
r-release-linux-x86_64 2.68.8 19.81 93.01 112.82 OK
r-release-windows-ix86+x86_64 2.68.8 33.00 144.00 177.00 OK
r-release-osx-x86_64 2.68.8 NOTE
r-oldrel-windows-ix86+x86_64 2.68.8 41.00 144.00 185.00 OK
r-oldrel-osx-x86_64 2.68.8 NOTE

Check Details

Version: 2.68.8
Check: installed package size
Result: NOTE
     installed size is 5.2Mb
     sub-directories of 1Mb or more:
     doc 1.3Mb
     examples 1.7Mb
Flavors: r-devel-linux-x86_64-fedora-clang, r-patched-solaris-x86, r-release-osx-x86_64, r-oldrel-osx-x86_64