CRAN Package Check Results for Package OsteoBioR

Last updated on 2019-06-24 19:50:10 CEST.

Flavor Version Tinstall Tcheck Ttotal Status Flags
r-devel-linux-x86_64-debian-clang 0.1.1 102.45 76.43 178.88 NOTE
r-devel-linux-x86_64-debian-gcc 0.1.1 98.86 59.18 158.04 NOTE
r-devel-linux-x86_64-fedora-clang 0.1.1 255.01 NOTE
r-devel-linux-x86_64-fedora-gcc 0.1.1 233.01 NOTE
r-devel-windows-ix86+x86_64 0.1.1 242.00 202.00 444.00 NOTE
r-patched-linux-x86_64 0.1.1 109.89 78.73 188.62 NOTE
r-patched-solaris-x86 0.1.1 270.20 NOTE
r-release-linux-x86_64 0.1.1 101.34 79.18 180.52 NOTE
r-release-windows-ix86+x86_64 0.1.1 189.00 211.00 400.00 NOTE
r-release-osx-x86_64 0.1.1 NOTE
r-oldrel-windows-ix86+x86_64 0.1.1 177.00 138.00 315.00 NOTE
r-oldrel-osx-x86_64 0.1.1 NOTE

Check Details

Version: 0.1.1
Check: line endings in C/C++/Fortran sources/headers
Result: NOTE
    Found the following sources/headers with CR or CRLF line endings:
     inst/include/meta_header.hpp
    Some Unix compilers require LF line endings.
Flavors: r-devel-linux-x86_64-debian-clang, r-devel-linux-x86_64-debian-gcc, r-devel-linux-x86_64-fedora-clang, r-devel-linux-x86_64-fedora-gcc, r-devel-windows-ix86+x86_64, r-patched-linux-x86_64, r-patched-solaris-x86, r-release-linux-x86_64, r-release-windows-ix86+x86_64, r-release-osx-x86_64

Version: 0.1.1
Check: for GNU extensions in Makefiles
Result: NOTE
    GNU make is a SystemRequirements.
Flavors: r-devel-linux-x86_64-debian-clang, r-devel-linux-x86_64-debian-gcc, r-devel-linux-x86_64-fedora-clang, r-devel-linux-x86_64-fedora-gcc, r-devel-windows-ix86+x86_64, r-patched-linux-x86_64, r-patched-solaris-x86, r-release-linux-x86_64, r-release-windows-ix86+x86_64, r-release-osx-x86_64, r-oldrel-windows-ix86+x86_64, r-oldrel-osx-x86_64

Version: 0.1.1
Check: installed package size
Result: NOTE
     installed size is 28.9Mb
     sub-directories of 1Mb or more:
     libs 28.7Mb
Flavors: r-devel-linux-x86_64-fedora-clang, r-release-osx-x86_64, r-oldrel-osx-x86_64