CRAN Package Check Results for Package OsteoBioR

Last updated on 2019-09-24 07:48:41 CEST.

Flavor Version Tinstall Tcheck Ttotal Status Flags
r-devel-linux-x86_64-debian-clang 0.1.1 100.76 77.36 178.12 NOTE
r-devel-linux-x86_64-debian-gcc 0.1.1 104.14 57.47 161.61 NOTE
r-devel-linux-x86_64-fedora-clang 0.1.1 243.80 NOTE
r-devel-linux-x86_64-fedora-gcc 0.1.1 270.77 NOTE
r-devel-windows-ix86+x86_64 0.1.1 257.00 198.00 455.00 NOTE
r-patched-linux-x86_64 0.1.1 107.76 76.15 183.91 NOTE
r-patched-solaris-x86 0.1.1 286.80 NOTE
r-release-linux-x86_64 0.1.1 103.27 75.29 178.56 NOTE
r-release-windows-ix86+x86_64 0.1.1 263.00 203.00 466.00 NOTE
r-release-osx-x86_64 0.1.1 NOTE
r-oldrel-windows-ix86+x86_64 0.1.1 156.00 141.00 297.00 NOTE
r-oldrel-osx-x86_64 0.1.1 NOTE

Check Details

Version: 0.1.1
Check: line endings in C/C++/Fortran sources/headers
Result: NOTE
    Found the following sources/headers with CR or CRLF line endings:
     inst/include/meta_header.hpp
    Some Unix compilers require LF line endings.
Flavors: r-devel-linux-x86_64-debian-clang, r-devel-linux-x86_64-debian-gcc, r-devel-linux-x86_64-fedora-clang, r-devel-linux-x86_64-fedora-gcc, r-devel-windows-ix86+x86_64, r-patched-linux-x86_64, r-patched-solaris-x86, r-release-linux-x86_64, r-release-windows-ix86+x86_64, r-release-osx-x86_64

Version: 0.1.1
Check: for GNU extensions in Makefiles
Result: NOTE
    GNU make is a SystemRequirements.
Flavors: r-devel-linux-x86_64-debian-clang, r-devel-linux-x86_64-debian-gcc, r-devel-linux-x86_64-fedora-clang, r-devel-linux-x86_64-fedora-gcc, r-devel-windows-ix86+x86_64, r-patched-linux-x86_64, r-patched-solaris-x86, r-release-linux-x86_64, r-release-windows-ix86+x86_64, r-release-osx-x86_64, r-oldrel-windows-ix86+x86_64, r-oldrel-osx-x86_64

Version: 0.1.1
Check: installed package size
Result: NOTE
     installed size is 29.8Mb
     sub-directories of 1Mb or more:
     libs 29.6Mb
Flavors: r-devel-linux-x86_64-fedora-clang, r-release-osx-x86_64, r-oldrel-osx-x86_64