CRAN Package Check Results for Package MuMIn

Last updated on 2020-10-20 18:52:34 CEST.

Flavor Version Tinstall Tcheck Ttotal Status Flags
r-devel-linux-x86_64-debian-clang 1.43.17 18.06 165.45 183.51 OK
r-devel-linux-x86_64-debian-gcc 1.43.17 14.59 122.86 137.45 OK
r-devel-linux-x86_64-fedora-clang 1.43.17 220.97 NOTE
r-devel-linux-x86_64-fedora-gcc 1.43.17 230.68 OK
r-devel-windows-ix86+x86_64 1.43.17 25.00 154.00 179.00 NOTE
r-patched-linux-x86_64 1.43.17 18.61 150.56 169.17 OK
r-patched-solaris-x86 1.43.17 301.20 OK
r-release-linux-x86_64 1.43.17 18.32 151.31 169.63 OK
r-release-macos-x86_64 1.43.17 OK
r-release-windows-ix86+x86_64 1.43.17 23.00 192.00 215.00 OK
r-oldrel-macos-x86_64 1.43.17 OK
r-oldrel-windows-ix86+x86_64 1.43.17 22.00 182.00 204.00 OK

Check Details

Version: 1.43.17
Check: Rd cross-references
Result: NOTE
    Undeclared packages ‘AICcmodavg’, ‘bbmle’, ‘glmulti’, ‘arm’, ‘wgeesel’, ‘ape’, ‘bestglm’, ‘leaps’, ‘glmmTMB’, ‘brglm’, ‘quantreg’, ‘maxlike’, ‘RMark’ in Rd xrefs
Flavor: r-devel-linux-x86_64-fedora-clang

Version: 1.43.17
Check: Rd cross-references
Result: NOTE
    Package unavailable to check Rd xrefs: 'brglm'
Flavor: r-devel-windows-ix86+x86_64