CRAN Package Check Results for Package MetamapsDB

Last updated on 2019-08-24 19:47:15 CEST.

Flavor Version Tinstall Tcheck Ttotal Status Flags
r-devel-linux-x86_64-debian-clang 0.0.2 35.56 290.28 325.84 OK
r-devel-linux-x86_64-debian-gcc 0.0.2 33.94 228.23 262.17 OK
r-devel-linux-x86_64-fedora-clang 0.0.2 400.74 NOTE
r-devel-linux-x86_64-fedora-gcc 0.0.2 400.13 NOTE
r-devel-windows-ix86+x86_64 0.0.2 63.00 370.00 433.00 OK
r-patched-linux-x86_64 0.0.2 34.99 282.30 317.29 OK
r-patched-solaris-x86 0.0.2 587.30 NOTE
r-release-linux-x86_64 0.0.2 35.95 283.15 319.10 OK
r-release-windows-ix86+x86_64 0.0.2 97.00 379.00 476.00 OK
r-release-osx-x86_64 0.0.2 ERROR
r-oldrel-windows-ix86+x86_64 0.0.2 63.00 362.00 425.00 OK
r-oldrel-osx-x86_64 0.0.2 ERROR

Check Details

Version: 0.0.2
Check: dependencies in R code
Result: NOTE
    Namespaces in Imports field not imported from:
     ‘Matrix’ ‘shiny’
     All declared Imports should be used.
Flavors: r-devel-linux-x86_64-fedora-clang, r-devel-linux-x86_64-fedora-gcc, r-patched-solaris-x86

Version: 0.0.2
Check: package dependencies
Result: ERROR
    Packages required but not available:
     'IRanges', 'ShortRead', 'GenomicRanges'
    
    See section ‘The DESCRIPTION file’ in the ‘Writing R Extensions’
    manual.
Flavor: r-release-osx-x86_64

Version: 0.0.2
Check: package dependencies
Result: ERROR
    Package required but not available: ‘ShortRead’
    
    See section ‘The DESCRIPTION file’ in the ‘Writing R Extensions’
    manual.
Flavor: r-oldrel-osx-x86_64