CRAN Package Check Results for Package MetamapsDB

Last updated on 2019-06-16 19:52:20 CEST.

Flavor Version Tinstall Tcheck Ttotal Status Flags
r-devel-linux-x86_64-debian-clang 0.0.2 32.10 288.53 320.63 OK
r-devel-linux-x86_64-debian-gcc 0.0.2 31.78 228.40 260.18 OK
r-devel-linux-x86_64-fedora-clang 0.0.2 388.66 NOTE
r-devel-linux-x86_64-fedora-gcc 0.0.2 379.01 NOTE
r-devel-windows-ix86+x86_64 0.0.2 92.00 366.00 458.00 OK
r-patched-linux-x86_64 0.0.2 31.38 283.61 314.99 OK
r-patched-solaris-x86 0.0.2 585.20 NOTE
r-release-linux-x86_64 0.0.2 33.38 281.30 314.68 OK
r-release-windows-ix86+x86_64 0.0.2 67.00 297.00 364.00 OK
r-release-osx-x86_64 0.0.2 ERROR
r-oldrel-windows-ix86+x86_64 0.0.2 37.00 418.00 455.00 OK
r-oldrel-osx-x86_64 0.0.2 ERROR

Check Details

Version: 0.0.2
Check: dependencies in R code
Result: NOTE
    Namespaces in Imports field not imported from:
     ‘Matrix’ ‘shiny’
     All declared Imports should be used.
Flavors: r-devel-linux-x86_64-fedora-clang, r-devel-linux-x86_64-fedora-gcc, r-patched-solaris-x86

Version: 0.0.2
Check: package dependencies
Result: ERROR
    Packages required but not available:
     'IRanges', 'ShortRead', 'GenomicRanges'
    
    See section ‘The DESCRIPTION file’ in the ‘Writing R Extensions’
    manual.
Flavor: r-release-osx-x86_64

Version: 0.0.2
Check: package dependencies
Result: ERROR
    Package required but not available: ‘ShortRead’
    
    See section ‘The DESCRIPTION file’ in the ‘Writing R Extensions’
    manual.
Flavor: r-oldrel-osx-x86_64