CRAN Package Check Results for Package MetaLonDA

Last updated on 2019-06-20 07:47:49 CEST.

Flavor Version Tinstall Tcheck Ttotal Status Flags
r-devel-linux-x86_64-debian-clang 1.1.5 4.64 162.06 166.70 NOTE
r-devel-linux-x86_64-debian-gcc 1.1.5 4.42 125.52 129.94 NOTE
r-devel-linux-x86_64-fedora-clang 1.1.5 173.02 NOTE
r-devel-linux-x86_64-fedora-gcc 1.1.5 174.38 NOTE
r-devel-windows-ix86+x86_64 1.1.5 16.00 311.00 327.00 OK
r-patched-linux-x86_64 1.1.5 3.81 158.43 162.24 OK
r-patched-solaris-x86 1.1.5 4.10 ERROR
r-release-linux-x86_64 1.1.5 4.34 157.93 162.27 OK
r-release-windows-ix86+x86_64 1.1.5 20.00 301.00 321.00 OK
r-release-osx-x86_64 1.1.5 ERROR
r-oldrel-windows-ix86+x86_64 1.1.5 9.00 270.00 279.00 OK
r-oldrel-osx-x86_64 1.1.5 OK

Check Details

Version: 1.1.5
Check: for non-standard things in the check directory
Result: NOTE
    Found the following files/directories:
     'Test'
Flavors: r-devel-linux-x86_64-debian-clang, r-devel-linux-x86_64-debian-gcc, r-devel-linux-x86_64-fedora-clang, r-devel-linux-x86_64-fedora-gcc

Version: 1.1.5
Check: package dependencies
Result: ERROR
    Package required but not available: ‘metagenomeSeq’
    
    See section ‘The DESCRIPTION file’ in the ‘Writing R Extensions’
    manual.
Flavor: r-patched-solaris-x86

Version: 1.1.5
Check: package dependencies
Result: ERROR
    Packages required but not available: 'metagenomeSeq', 'DESeq2', 'edgeR'
    
    See section ‘The DESCRIPTION file’ in the ‘Writing R Extensions’
    manual.
Flavor: r-release-osx-x86_64