CRAN Package Check Results for Package Matrix

Last updated on 2019-06-16 19:52:19 CEST.

Flavor Version Tinstall Tcheck Ttotal Status Flags
r-devel-linux-x86_64-debian-clang 1.2-17 167.12 314.62 481.74 OK
r-devel-linux-x86_64-debian-gcc 1.2-17 125.29 247.71 373.00 OK
r-devel-linux-x86_64-fedora-clang 1.2-17 597.50 OK
r-devel-linux-x86_64-fedora-gcc 1.2-17 556.84 OK
r-devel-windows-ix86+x86_64 1.2-17 438.00 485.00 923.00 OK
r-patched-linux-x86_64 1.2-17 148.17 311.09 459.26 OK
r-patched-solaris-x86 1.2-17 OK
r-release-linux-x86_64 1.2-17 144.40 311.15 455.55 OK
r-release-windows-ix86+x86_64 1.2-17 292.00 627.00 919.00 OK
r-release-osx-x86_64 1.2-17 NOTE
r-oldrel-windows-ix86+x86_64 1.2-17 280.00 588.00 868.00 OK
r-oldrel-osx-x86_64 1.2-17 OK

Additional issues

rchk

Check Details

Version: 1.2-17
Check: package dependencies
Result: NOTE
    Package which this enhances but not available for checking: ‘graph’
Flavor: r-release-osx-x86_64

Version: 1.2-17
Check: Rd cross-references
Result: NOTE
    Package unavailable to check Rd xrefs: ‘graph’
Flavor: r-release-osx-x86_64