CRAN Package Check Results for Package MSCMT

Last updated on 2019-07-19 19:46:51 CEST.

Flavor Version Tinstall Tcheck Ttotal Status Flags
r-devel-linux-x86_64-debian-clang 1.3.3 13.58 160.02 173.60 OK
r-devel-linux-x86_64-debian-gcc 1.3.3 10.49 120.28 130.77 OK
r-devel-linux-x86_64-fedora-clang 1.3.3 210.91 OK
r-devel-linux-x86_64-fedora-gcc 1.3.3 201.85 OK
r-devel-windows-ix86+x86_64 1.3.3 44.00 469.00 513.00 OK
r-patched-linux-x86_64 1.3.3 12.13 158.36 170.49 OK
r-patched-solaris-x86 1.3.3 910.90 OK
r-release-linux-x86_64 1.3.3 12.02 158.84 170.86 OK
r-release-windows-ix86+x86_64 1.3.3 28.00 304.00 332.00 OK
r-release-osx-x86_64 1.3.3 OK
r-oldrel-windows-ix86+x86_64 1.3.3 25.00 314.00 339.00 WARN
r-oldrel-osx-x86_64 1.3.3 OK

Additional issues

LTO

Check Details

Version: 1.3.3
Check: whether package can be installed
Result: WARN
    Found the following significant warnings:
     Warning: S3 methods '[.fun_list', '[.grouped_df', 'all.equal.tbl_df', 'anti_join.data.frame', 'anti_join.tbl_df', 'arrange.data.frame', 'arrange.default', 'arrange.grouped_df', 'arrange.tbl_df', 'arrange_.data.frame', 'arrange_.tbl_df', 'as.data.frame.grouped_df', 'as.data.frame.rowwise_df', 'as.data.frame.tbl_cube', 'as.table.tbl_cube', 'as.tbl.data.frame', 'as.tbl.tbl', 'as.tbl_cube.array', 'as.tbl_cube.data.frame', 'as.tbl_cube.matrix', 'as.tbl_cube.table', 'as_tibble.grouped_df', 'as_tibble.tbl_cube', 'auto_copy.tbl_cube', 'auto_copy.tbl_df', 'cbind.grouped_df', 'collapse.data.frame', 'collect.data.frame', 'common_by.NULL', 'common_by.character', 'common_by.default', 'common_by.list', 'compute.data.frame', 'copy_to.DBIConnection', 'copy_to.src_local', 'default_missing.data.frame', 'default_missing.default', 'dim.tbl_cube', 'distinct.data.frame', 'distinct.default', 'distinct.grouped_df', 'distinct.tbl_df', 'distinct_.data.frame', 'distinct_.grouped_df', 'distinct_.tbl_df', 'do.NULL', 'do.da [... truncated]
Flavor: r-oldrel-windows-ix86+x86_64