CRAN Package Check Results for Package MESS

Last updated on 2020-10-20 18:52:32 CEST.

Flavor Version Tinstall Tcheck Ttotal Status Flags
r-devel-linux-x86_64-debian-clang 0.5.7 278.69 120.02 398.71 OK
r-devel-linux-x86_64-debian-gcc 0.5.7 187.61 91.90 279.51 OK
r-devel-linux-x86_64-fedora-clang 0.5.7 526.76 NOTE
r-devel-linux-x86_64-fedora-gcc 0.5.7 501.34 OK
r-devel-windows-ix86+x86_64 0.5.7 418.00 184.00 602.00 NOTE
r-patched-linux-x86_64 0.5.7 208.47 111.99 320.46 OK
r-patched-solaris-x86 0.5.7 432.70 OK
r-release-linux-x86_64 0.5.7 216.47 114.50 330.97 OK
r-release-macos-x86_64 0.5.7 NOTE
r-release-windows-ix86+x86_64 0.5.7 499.00 235.00 734.00 NOTE
r-oldrel-macos-x86_64 0.5.7 NOTE
r-oldrel-windows-ix86+x86_64 0.5.7 380.00 161.00 541.00 NOTE

Check Details

Version: 0.5.7
Check: installed package size
Result: NOTE
     installed size is 10.2Mb
     sub-directories of 1Mb or more:
     data 2.8Mb
     libs 7.1Mb
Flavors: r-devel-linux-x86_64-fedora-clang, r-devel-windows-ix86+x86_64, r-release-macos-x86_64, r-release-windows-ix86+x86_64, r-oldrel-macos-x86_64, r-oldrel-windows-ix86+x86_64