CRAN Package Check Results for Package MCMCprecision

Last updated on 2019-09-24 07:48:39 CEST.

Flavor Version Tinstall Tcheck Ttotal Status Flags
r-devel-linux-x86_64-debian-clang 0.3.9 90.61 61.24 151.85 NOTE
r-devel-linux-x86_64-debian-gcc 0.3.9 71.41 49.70 121.11 NOTE
r-devel-linux-x86_64-fedora-clang 0.3.9 213.24 NOTE
r-devel-linux-x86_64-fedora-gcc 0.3.9 204.88 NOTE
r-devel-windows-ix86+x86_64 0.3.9 206.00 134.00 340.00 NOTE
r-patched-linux-x86_64 0.3.9 72.32 60.39 132.71 NOTE
r-patched-solaris-x86 0.3.9 206.00 NOTE
r-release-linux-x86_64 0.3.9 72.10 61.24 133.34 NOTE
r-release-windows-ix86+x86_64 0.3.9 215.00 150.00 365.00 NOTE
r-release-osx-x86_64 0.3.9 NOTE
r-oldrel-windows-ix86+x86_64 0.3.9 152.00 97.00 249.00 OK
r-oldrel-osx-x86_64 0.3.9 NOTE

Check Details

Version: 0.3.9
Check: line endings in C/C++/Fortran sources/headers
Result: NOTE
    Found the following sources/headers with CR or CRLF line endings:
     inst/include/MCMCprecision.h
    Some Unix compilers require LF line endings.
Flavors: r-devel-linux-x86_64-debian-clang, r-devel-linux-x86_64-debian-gcc, r-devel-linux-x86_64-fedora-clang, r-devel-linux-x86_64-fedora-gcc, r-devel-windows-ix86+x86_64, r-patched-linux-x86_64, r-patched-solaris-x86, r-release-linux-x86_64, r-release-windows-ix86+x86_64, r-release-osx-x86_64

Version: 0.3.9
Check: installed package size
Result: NOTE
     installed size is 15.9Mb
     sub-directories of 1Mb or more:
     libs 15.4Mb
Flavors: r-devel-linux-x86_64-fedora-clang, r-release-osx-x86_64, r-oldrel-osx-x86_64