CRAN Package Check Results for Package MCMCprecision

Last updated on 2019-06-24 19:50:06 CEST.

Flavor Version Tinstall Tcheck Ttotal Status Flags
r-devel-linux-x86_64-debian-clang 0.3.9 83.37 61.09 144.46 NOTE
r-devel-linux-x86_64-debian-gcc 0.3.9 68.90 50.42 119.32 NOTE
r-devel-linux-x86_64-fedora-clang 0.3.9 210.40 NOTE
r-devel-linux-x86_64-fedora-gcc 0.3.9 187.34 NOTE
r-devel-windows-ix86+x86_64 0.3.9 205.00 141.00 346.00 NOTE
r-patched-linux-x86_64 0.3.9 76.40 62.20 138.60 NOTE
r-patched-solaris-x86 0.3.9 211.70 NOTE
r-release-linux-x86_64 0.3.9 79.13 62.82 141.95 NOTE
r-release-windows-ix86+x86_64 0.3.9 168.00 143.00 311.00 NOTE
r-release-osx-x86_64 0.3.9 NOTE
r-oldrel-windows-ix86+x86_64 0.3.9 138.00 101.00 239.00 OK
r-oldrel-osx-x86_64 0.3.9 NOTE

Check Details

Version: 0.3.9
Check: line endings in C/C++/Fortran sources/headers
Result: NOTE
    Found the following sources/headers with CR or CRLF line endings:
     inst/include/MCMCprecision.h
    Some Unix compilers require LF line endings.
Flavors: r-devel-linux-x86_64-debian-clang, r-devel-linux-x86_64-debian-gcc, r-devel-linux-x86_64-fedora-clang, r-devel-linux-x86_64-fedora-gcc, r-devel-windows-ix86+x86_64, r-patched-linux-x86_64, r-patched-solaris-x86, r-release-linux-x86_64, r-release-windows-ix86+x86_64, r-release-osx-x86_64

Version: 0.3.9
Check: installed package size
Result: NOTE
     installed size is 15.4Mb
     sub-directories of 1Mb or more:
     libs 14.9Mb
Flavors: r-devel-linux-x86_64-fedora-clang, r-release-osx-x86_64, r-oldrel-osx-x86_64