CRAN Package Check Results for Package Luminescence

Last updated on 2019-10-20 06:46:56 CEST.

Flavor Version Tinstall Tcheck Ttotal Status Flags
r-devel-linux-x86_64-debian-clang 0.9.5 92.07 299.51 391.58 OK
r-devel-linux-x86_64-debian-gcc 0.9.5 68.44 224.80 293.24 OK
r-devel-linux-x86_64-fedora-clang 0.9.5 474.69 NOTE
r-devel-linux-x86_64-fedora-gcc 0.9.5 480.88 OK
r-devel-windows-ix86+x86_64 0.9.5 142.00 407.00 549.00 NOTE
r-patched-linux-x86_64 0.9.5 79.74 293.62 373.36 OK
r-patched-solaris-x86 0.9.5 545.00 OK
r-release-linux-x86_64 0.9.5 78.68 296.19 374.87 OK
r-release-windows-ix86+x86_64 0.9.5 119.00 419.00 538.00 NOTE
r-release-osx-x86_64 0.9.5 NOTE
r-oldrel-windows-ix86+x86_64 0.9.5 130.00 380.00 510.00 NOTE
r-oldrel-osx-x86_64 0.9.5 NOTE

Check Details

Version: 0.9.5
Check: installed package size
Result: NOTE
     installed size is 5.9Mb
     sub-directories of 1Mb or more:
     R 1.5Mb
     help 1.1Mb
     libs 1.6Mb
Flavors: r-devel-linux-x86_64-fedora-clang, r-devel-windows-ix86+x86_64, r-release-windows-ix86+x86_64, r-release-osx-x86_64, r-oldrel-windows-ix86+x86_64, r-oldrel-osx-x86_64