CRAN Package Check Results for Package Luminescence

Last updated on 2019-07-19 19:46:50 CEST.

Flavor Version Tinstall Tcheck Ttotal Status Flags
r-devel-linux-x86_64-debian-clang 0.9.0.110 82.45 302.64 385.09 OK
r-devel-linux-x86_64-debian-gcc 0.9.0.110 67.27 229.29 296.56 OK
r-devel-linux-x86_64-fedora-clang 0.9.0.110 506.46 NOTE
r-devel-linux-x86_64-fedora-gcc 0.9.0.110 481.68 OK
r-devel-windows-ix86+x86_64 0.9.0.110 185.00 580.00 765.00 NOTE
r-patched-linux-x86_64 0.9.0.110 81.17 300.79 381.96 OK
r-patched-solaris-x86 0.9.0.110 569.10 OK
r-release-linux-x86_64 0.9.0.110 84.24 299.87 384.11 OK
r-release-windows-ix86+x86_64 0.9.0.110 124.00 411.00 535.00 NOTE
r-release-osx-x86_64 0.9.0.110 NOTE
r-oldrel-windows-ix86+x86_64 0.9.0.110 117.00 407.00 524.00 NOTE
r-oldrel-osx-x86_64 0.9.0.110 NOTE

Check Details

Version: 0.9.0.110
Check: installed package size
Result: NOTE
     installed size is 5.8Mb
     sub-directories of 1Mb or more:
     R 1.5Mb
     help 1.1Mb
     libs 1.5Mb
Flavors: r-devel-linux-x86_64-fedora-clang, r-devel-windows-ix86+x86_64, r-release-windows-ix86+x86_64, r-release-osx-x86_64, r-oldrel-windows-ix86+x86_64, r-oldrel-osx-x86_64