CRAN Package Check Results for Package LifeTables

Last updated on 2019-08-24 19:47:14 CEST.

Flavor Version Tinstall Tcheck Ttotal Status Flags
r-devel-linux-x86_64-debian-clang 1.0 2.93 26.57 29.50 OK
r-devel-linux-x86_64-debian-gcc 1.0 2.34 21.02 23.36 OK
r-devel-linux-x86_64-fedora-clang 1.0 36.77 OK
r-devel-linux-x86_64-fedora-gcc 1.0 34.79 OK
r-devel-windows-ix86+x86_64 1.0 6.00 53.00 59.00 OK
r-patched-linux-x86_64 1.0 2.06 26.52 28.58 OK
r-patched-solaris-x86 1.0 56.80 OK
r-release-linux-x86_64 1.0 2.65 26.69 29.34 OK
r-release-windows-ix86+x86_64 1.0 7.00 52.00 59.00 OK
r-release-osx-x86_64 1.0 NOTE
r-oldrel-windows-ix86+x86_64 1.0 5.00 51.00 56.00 OK
r-oldrel-osx-x86_64 1.0 NOTE

Check Details

Version: 1.0
Check: package dependencies
Result: NOTE
    Packages suggested but not available for checking: 'gWidgetsRGtk2', 'RGtk2'
Flavor: r-release-osx-x86_64

Version: 1.0
Check: package dependencies
Result: NOTE
    Packages suggested but not available for checking: ‘gWidgetsRGtk2’ ‘RGtk2’
Flavor: r-oldrel-osx-x86_64