CRAN Package Check Results for Package LifeTables

Last updated on 2020-01-18 17:46:33 CET.

Flavor Version Tinstall Tcheck Ttotal Status Flags
r-devel-linux-x86_64-debian-clang 1.0 2.95 27.76 30.71 OK
r-devel-linux-x86_64-debian-gcc 1.0 2.42 21.36 23.78 OK
r-devel-linux-x86_64-fedora-clang 1.0 37.46 OK
r-devel-linux-x86_64-fedora-gcc 1.0 37.02 OK
r-devel-windows-ix86+x86_64 1.0 8.00 59.00 67.00 OK
r-devel-windows-ix86+x86_64-gcc8 1.0 6.00 45.00 51.00 OK
r-patched-linux-x86_64 1.0 2.36 25.59 27.95 OK
r-patched-solaris-x86 1.0 52.90 OK
r-release-linux-x86_64 1.0 2.55 25.75 28.30 OK
r-release-windows-ix86+x86_64 1.0 7.00 39.00 46.00 OK
r-release-osx-x86_64 1.0 NOTE
r-oldrel-windows-ix86+x86_64 1.0 5.00 43.00 48.00 OK
r-oldrel-osx-x86_64 1.0 NOTE

Check Details

Version: 1.0
Check: package dependencies
Result: NOTE
    Packages suggested but not available for checking: 'gWidgetsRGtk2', 'RGtk2'
Flavor: r-release-osx-x86_64

Version: 1.0
Check: package dependencies
Result: NOTE
    Packages suggested but not available for checking: ‘gWidgetsRGtk2’ ‘RGtk2’
Flavor: r-oldrel-osx-x86_64