CRAN Package Check Results for Package LexisPlotR

Last updated on 2019-06-25 19:49:45 CEST.

Flavor Version Tinstall Tcheck Ttotal Status Flags
r-devel-linux-x86_64-debian-clang 0.3 3.40 64.10 67.50 NOTE
r-devel-linux-x86_64-debian-gcc 0.3 2.55 49.25 51.80 NOTE
r-devel-linux-x86_64-fedora-clang 0.3 77.47 OK
r-devel-linux-x86_64-fedora-gcc 0.3 75.75 OK
r-devel-windows-ix86+x86_64 0.3 18.00 106.00 124.00 OK
r-patched-linux-x86_64 0.3 3.02 62.93 65.95 OK
r-patched-solaris-x86 0.3 112.30 OK
r-release-linux-x86_64 0.3 3.53 62.86 66.39 OK
r-release-windows-ix86+x86_64 0.3 9.00 111.00 120.00 OK
r-release-osx-x86_64 0.3 OK
r-oldrel-windows-ix86+x86_64 0.3 6.00 79.00 85.00 OK
r-oldrel-osx-x86_64 0.3 OK

Check Details

Version: 0.3
Check: package vignettes
Result: NOTE
    Package vignette with placeholder title 'Vignette Title':
     'LexisPlotR.rmd'
Flavors: r-devel-linux-x86_64-debian-clang, r-devel-linux-x86_64-debian-gcc