CRAN Package Check Results for Package LexisPlotR

Last updated on 2019-09-24 07:48:38 CEST.

Flavor Version Tinstall Tcheck Ttotal Status Flags
r-devel-linux-x86_64-debian-clang 0.3 3.69 70.05 73.74 NOTE
r-devel-linux-x86_64-debian-gcc 0.3 3.13 53.05 56.18 NOTE
r-devel-linux-x86_64-fedora-clang 0.3 84.73 OK
r-devel-linux-x86_64-fedora-gcc 0.3 83.14 OK
r-devel-windows-ix86+x86_64 0.3 24.00 118.00 142.00 NOTE
r-patched-linux-x86_64 0.3 3.77 66.49 70.26 OK
r-patched-solaris-x86 0.3 114.70 OK
r-release-linux-x86_64 0.3 3.44 67.30 70.74 OK
r-release-windows-ix86+x86_64 0.3 15.00 109.00 124.00 OK
r-release-osx-x86_64 0.3 OK
r-oldrel-windows-ix86+x86_64 0.3 6.00 84.00 90.00 OK
r-oldrel-osx-x86_64 0.3 OK

Check Details

Version: 0.3
Check: package vignettes
Result: NOTE
    Package vignette with placeholder title 'Vignette Title':
     'LexisPlotR.rmd'
Flavors: r-devel-linux-x86_64-debian-clang, r-devel-linux-x86_64-debian-gcc, r-devel-windows-ix86+x86_64