CRAN Package Check Results for Package LCAvarsel

Last updated on 2019-08-18 07:48:54 CEST.

Flavor Version Tinstall Tcheck Ttotal Status Flags
r-devel-linux-x86_64-debian-clang 1.1 3.36 32.40 35.76 OK
r-devel-linux-x86_64-debian-gcc 1.1 3.03 25.62 28.65 OK
r-devel-linux-x86_64-fedora-clang 1.1 43.68 NOTE
r-devel-linux-x86_64-fedora-gcc 1.1 40.72 NOTE
r-devel-windows-ix86+x86_64 1.1 8.00 58.00 66.00 OK
r-patched-linux-x86_64 1.1 3.19 31.93 35.12 OK
r-patched-solaris-x86 1.1 69.40 NOTE
r-release-linux-x86_64 1.1 2.89 31.99 34.88 OK
r-release-windows-ix86+x86_64 1.1 5.00 43.00 48.00 OK
r-release-osx-x86_64 1.1 NOTE
r-oldrel-windows-ix86+x86_64 1.1 5.00 60.00 65.00 OK
r-oldrel-osx-x86_64 1.1 NOTE

Check Details

Version: 1.1
Check: dependencies in R code
Result: NOTE
    Namespace in Imports field not imported from: ‘doParallel’
     All declared Imports should be used.
Flavors: r-devel-linux-x86_64-fedora-clang, r-devel-linux-x86_64-fedora-gcc, r-patched-solaris-x86, r-release-osx-x86_64, r-oldrel-osx-x86_64