CRAN Package Check Results for Package LCAvarsel

Last updated on 2020-07-04 19:47:31 CEST.

Flavor Version Tinstall Tcheck Ttotal Status Flags
r-devel-linux-x86_64-debian-clang 1.1 4.13 33.07 37.20 OK
r-devel-linux-x86_64-debian-gcc 1.1 3.10 26.09 29.19 OK
r-devel-linux-x86_64-fedora-clang 1.1 52.97 NOTE
r-devel-linux-x86_64-fedora-gcc 1.1 44.26 NOTE
r-devel-windows-ix86+x86_64 1.1 10.00 58.00 68.00 OK
r-patched-linux-x86_64 1.1 3.38 32.63 36.01 OK
r-patched-solaris-x86 1.1 68.20 NOTE
r-release-linux-x86_64 1.1 4.02 32.84 36.86 OK
r-release-osx-x86_64 1.1 NOTE
r-release-windows-ix86+x86_64 1.1 7.00 45.00 52.00 OK
r-oldrel-osx-x86_64 1.1 NOTE
r-oldrel-windows-ix86+x86_64 1.1 7.00 91.00 98.00 OK

Check Details

Version: 1.1
Check: dependencies in R code
Result: NOTE
    Namespace in Imports field not imported from: ‘doParallel’
     All declared Imports should be used.
Flavors: r-devel-linux-x86_64-fedora-clang, r-devel-linux-x86_64-fedora-gcc, r-patched-solaris-x86, r-release-osx-x86_64, r-oldrel-osx-x86_64