CRAN Package Check Results for Package LANDD

Last updated on 2019-07-20 19:46:59 CEST.

Flavor Version Tinstall Tcheck Ttotal Status Flags
r-devel-linux-x86_64-debian-clang 1.1.0 40.42 202.59 243.01 NOTE
r-devel-linux-x86_64-debian-gcc 1.1.0 32.59 161.47 194.06 NOTE
r-devel-linux-x86_64-fedora-clang 1.1.0 293.87 NOTE
r-devel-linux-x86_64-fedora-gcc 1.1.0 300.80 NOTE
r-devel-windows-ix86+x86_64 1.1.0 77.00 287.00 364.00 WARN
r-patched-linux-x86_64 1.1.0 43.50 200.40 243.90 NOTE
r-patched-solaris-x86 1.1.0 432.70 NOTE
r-release-linux-x86_64 1.1.0 33.92 199.03 232.95 NOTE
r-release-windows-ix86+x86_64 1.1.0 76.00 293.00 369.00 NOTE
r-release-osx-x86_64 1.1.0 ERROR
r-oldrel-windows-ix86+x86_64 1.1.0 62.00 370.00 432.00 NOTE
r-oldrel-osx-x86_64 1.1.0 NOTE

Check Details

Version: 1.1.0
Check: R code for possible problems
Result: NOTE
    getGO: no visible global function definition for 'new'
    getGO: no visible global function definition for 'getGeneric'
    graph.kd: no visible global function definition for 'as'
    Undefined global functions or variables:
     as getGeneric new
    Consider adding
     importFrom("methods", "as", "getGeneric", "new")
    to your NAMESPACE file (and ensure that your DESCRIPTION Imports field
    contains 'methods').
Flavors: r-devel-linux-x86_64-debian-clang, r-devel-linux-x86_64-debian-gcc, r-devel-linux-x86_64-fedora-clang, r-devel-linux-x86_64-fedora-gcc, r-devel-windows-ix86+x86_64, r-patched-linux-x86_64, r-patched-solaris-x86, r-release-linux-x86_64, r-release-windows-ix86+x86_64, r-oldrel-windows-ix86+x86_64, r-oldrel-osx-x86_64

Version: 1.1.0
Check: compiled code
Result: NOTE
    File ‘LANDD/libs/LANDD.so’:
     Found no calls to: ‘R_registerRoutines’, ‘R_useDynamicSymbols’
    
    It is good practice to register native routines and to disable symbol
    search.
    
    See ‘Writing portable packages’ in the ‘Writing R Extensions’ manual.
Flavors: r-devel-linux-x86_64-fedora-clang, r-devel-linux-x86_64-fedora-gcc

Version: 1.1.0
Check: whether package can be installed
Result: WARN
    Found the following significant warnings:
     d:/RCompile/CRANpkg/lib/3.7/BH/include/boost/math/special_functions/detail/bernoulli_details.hpp:72:36: warning: ISO C++ 1998 does not support 'long long' [-Wlong-long]
     d:/RCompile/CRANpkg/lib/3.7/BH/include/boost/math/special_functions/detail/bernoulli_details.hpp:96:9: warning: ISO C++ 1998 does not support 'long long' [-Wlong-long]
Flavor: r-devel-windows-ix86+x86_64

Version: 1.1.0
Check: package dependencies
Result: ERROR
    Packages required but not available: 'GOstats', 'GOSemSim', 'modeest'
    
    See section ‘The DESCRIPTION file’ in the ‘Writing R Extensions’
    manual.
Flavor: r-release-osx-x86_64