CRAN Package Check Results for Package LANDD

Last updated on 2019-11-17 17:49:10 CET.

Flavor Version Tinstall Tcheck Ttotal Status Flags
r-devel-linux-x86_64-debian-clang 1.1.0 44.56 217.83 262.39 NOTE
r-devel-linux-x86_64-debian-gcc 1.1.0 35.83 162.61 198.44 NOTE
r-devel-linux-x86_64-fedora-clang 1.1.0 305.00 NOTE
r-devel-linux-x86_64-fedora-gcc 1.1.0 307.59 NOTE
r-devel-windows-ix86+x86_64 1.1.0 146.00 304.00 450.00 NOTE
r-patched-linux-x86_64 1.1.0 38.39 201.04 239.43 NOTE
r-patched-solaris-x86 1.1.0 409.40 NOTE
r-release-linux-x86_64 1.1.0 37.34 198.50 235.84 NOTE
r-release-windows-ix86+x86_64 1.1.0 86.00 385.00 471.00 NOTE
r-release-osx-x86_64 1.1.0 ERROR
r-oldrel-windows-ix86+x86_64 1.1.0 55.00 393.00 448.00 NOTE
r-oldrel-osx-x86_64 1.1.0 NOTE

Check Details

Version: 1.1.0
Check: R code for possible problems
Result: NOTE
    getGO: no visible global function definition for 'new'
    getGO: no visible global function definition for 'getGeneric'
    graph.kd: no visible global function definition for 'as'
    Undefined global functions or variables:
     as getGeneric new
    Consider adding
     importFrom("methods", "as", "getGeneric", "new")
    to your NAMESPACE file (and ensure that your DESCRIPTION Imports field
    contains 'methods').
Flavors: r-devel-linux-x86_64-debian-clang, r-devel-linux-x86_64-debian-gcc, r-devel-linux-x86_64-fedora-clang, r-devel-linux-x86_64-fedora-gcc, r-devel-windows-ix86+x86_64, r-patched-linux-x86_64, r-patched-solaris-x86, r-release-linux-x86_64, r-release-windows-ix86+x86_64, r-oldrel-windows-ix86+x86_64, r-oldrel-osx-x86_64

Version: 1.1.0
Check: compiled code
Result: NOTE
    File ‘LANDD/libs/LANDD.so’:
     Found no calls to: ‘R_registerRoutines’, ‘R_useDynamicSymbols’
    
    It is good practice to register native routines and to disable symbol
    search.
    
    See ‘Writing portable packages’ in the ‘Writing R Extensions’ manual.
Flavors: r-devel-linux-x86_64-fedora-clang, r-devel-linux-x86_64-fedora-gcc

Version: 1.1.0
Check: whether package can be installed
Result: ERROR
    Installation failed.
Flavor: r-release-osx-x86_64