CRAN Package Check Results for Package KODAMA

Last updated on 2019-06-16 19:52:17 CEST.

Flavor Version Tinstall Tcheck Ttotal Status Flags
r-devel-linux-x86_64-debian-clang 1.5 55.38 50.74 106.12 NOTE
r-devel-linux-x86_64-debian-gcc 1.5 39.89 40.18 80.07 NOTE
r-devel-linux-x86_64-fedora-clang 1.5 158.58 NOTE
r-devel-linux-x86_64-fedora-gcc 1.5 133.06 NOTE
r-devel-windows-ix86+x86_64 1.5 138.00 130.00 268.00 OK
r-patched-linux-x86_64 1.5 49.10 51.42 100.52 OK
r-patched-solaris-x86 1.5 164.40 OK
r-release-linux-x86_64 1.5 50.18 50.89 101.07 OK
r-release-windows-ix86+x86_64 1.5 97.00 98.00 195.00 OK
r-release-osx-x86_64 1.5 NOTE
r-oldrel-windows-ix86+x86_64 1.5 93.00 117.00 210.00 OK
r-oldrel-osx-x86_64 1.5 NOTE

Check Details

Version: 1.5
Check: for non-standard things in the check directory
Result: NOTE
    Found the following files/directories:
     'dinisurface.pdf' 'helicoid.pdf' 'spirals.pdf' 'swissroll.pdf'
Flavors: r-devel-linux-x86_64-debian-clang, r-devel-linux-x86_64-debian-gcc, r-devel-linux-x86_64-fedora-clang, r-devel-linux-x86_64-fedora-gcc

Version: 1.5
Check: installed package size
Result: NOTE
     installed size is 6.7Mb
     sub-directories of 1Mb or more:
     data 1.6Mb
     libs 3.9Mb
Flavors: r-devel-linux-x86_64-fedora-clang, r-release-osx-x86_64, r-oldrel-osx-x86_64