CRAN Package Check Results for Package IRISSeismic

Last updated on 2019-11-17 17:49:09 CET.

Flavor Version Tinstall Tcheck Ttotal Status Flags
r-devel-linux-x86_64-debian-clang 1.5.2 15.94 55.06 71.00 OK
r-devel-linux-x86_64-debian-gcc 1.5.2 9.99 42.68 52.67 OK
r-devel-linux-x86_64-fedora-clang 1.5.2 85.09 OK
r-devel-linux-x86_64-fedora-gcc 1.5.2 85.28 OK
r-devel-windows-ix86+x86_64 1.5.2 73.00 173.00 246.00 OK
r-patched-linux-x86_64 1.5.2 12.75 52.87 65.62 OK
r-patched-solaris-x86 1.5.2 114.00 OK
r-release-linux-x86_64 1.5.2 13.22 52.89 66.11 OK
r-release-windows-ix86+x86_64 1.5.2 60.00 171.00 231.00 OK
r-release-osx-x86_64 1.5.2 OK
r-oldrel-windows-ix86+x86_64 1.5.2 128.00 126.00 254.00 WARN
r-oldrel-osx-x86_64 1.5.2 OK

Check Details

Version: 1.5.2
Check: re-building of vignette outputs
Result: WARN
    Error in re-building vignettes:
     ...
    Quitting from lines 385-434 (IRISSeismic-intro.Rmd)
    Error: processing vignette 'IRISSeismic-intro.Rmd' failed with diagnostics:
    getDataselect.IrisClient: Unexpected http status code 500 http://service.iris.edu/fdsnws/dataselect/1/query?net=US&sta=LKWY&loc=--&cha=BHZ&start=2001-02-28T18:54:32.830000&end=2001-02-28T19:09:32.830000
    Execution halted
Flavor: r-oldrel-windows-ix86+x86_64