CRAN Package Check Results for Package IFC

Last updated on 2025-04-22 23:49:39 CEST.

Flavor Version Tinstall Tcheck Ttotal Status Flags
r-devel-linux-x86_64-debian-clang 0.2.1 57.79 130.61 188.40 OK
r-devel-linux-x86_64-debian-gcc 0.2.1 42.39 83.45 125.84 OK
r-devel-linux-x86_64-fedora-clang 0.2.1 304.43 OK
r-devel-linux-x86_64-fedora-gcc 0.2.1 304.18 OK
r-devel-windows-x86_64 0.2.1 70.00 179.00 249.00 OK
r-patched-linux-x86_64 0.2.1 64.39 125.51 189.90 OK
r-release-linux-x86_64 0.2.1 60.19 125.16 185.35 OK
r-release-macos-arm64 0.2.1 79.00 OK
r-release-macos-x86_64 0.2.1 136.00 OK
r-release-windows-x86_64 0.2.1 68.00 177.00 245.00 OK
r-oldrel-macos-arm64 0.2.1 66.00 NOTE
r-oldrel-macos-x86_64 0.2.1 106.00 NOTE
r-oldrel-windows-x86_64 0.2.1 81.00 224.00 305.00 NOTE

Check Details

Version: 0.2.1
Check: package dependencies
Result: NOTE Package suggested but not available for checking: ‘IFCdata’ Flavors: r-oldrel-macos-arm64, r-oldrel-macos-x86_64, r-oldrel-windows-x86_64

Version: 0.2.1
Check: installed package size
Result: NOTE installed size is 7.4Mb sub-directories of 1Mb or more: R 2.0Mb libs 4.6Mb Flavors: r-oldrel-macos-arm64, r-oldrel-macos-x86_64