CRAN Package Check Results for Package IATscores

Last updated on 2025-01-19 19:48:21 CET.

Flavor Version Tinstall Tcheck Ttotal Status Flags
r-devel-linux-x86_64-debian-clang 0.2.7 12.86 103.73 116.59 NOTE
r-devel-linux-x86_64-debian-gcc 0.2.7 9.73 72.51 82.24 NOTE
r-devel-linux-x86_64-fedora-clang 0.2.7 181.37 OK
r-devel-linux-x86_64-fedora-gcc 0.2.7 164.61 OK
r-devel-windows-x86_64 0.2.7 13.00 105.00 118.00 NOTE
r-patched-linux-x86_64 0.2.7 18.97 93.54 112.51 OK
r-release-linux-x86_64 0.2.7 12.04 93.09 105.13 OK
r-release-macos-arm64 0.2.7 48.00 OK
r-release-macos-x86_64 0.2.7 77.00 OK
r-release-windows-x86_64 0.2.7 13.00 101.00 114.00 OK
r-oldrel-macos-arm64 0.2.7 53.00 OK
r-oldrel-macos-x86_64 0.2.7 91.00 OK
r-oldrel-windows-x86_64 0.2.7 16.00 129.00 145.00 OK

Check Details

Version: 0.2.7
Check: Rd cross-references
Result: NOTE Found the following Rd file(s) with Rd \link{} targets missing package anchors: Tgraph.Rd: qgraph Please provide package anchors for all Rd \link{} targets not in the package itself and the base packages. Flavors: r-devel-linux-x86_64-debian-clang, r-devel-linux-x86_64-debian-gcc, r-devel-windows-x86_64