CRAN Package Check Results for Package HUM

Last updated on 2019-06-24 19:50:02 CEST.

Flavor Version Tinstall Tcheck Ttotal Status Flags
r-devel-linux-x86_64-debian-clang 1.0 18.39 31.63 50.02 NOTE
r-devel-linux-x86_64-debian-gcc 1.0 14.35 26.30 40.65 NOTE
r-devel-linux-x86_64-fedora-clang 1.0 66.05 NOTE
r-devel-linux-x86_64-fedora-gcc 1.0 63.09 NOTE
r-devel-windows-ix86+x86_64 1.0 70.00 99.00 169.00 NOTE
r-patched-linux-x86_64 1.0 16.33 32.26 48.59 NOTE
r-patched-solaris-x86 1.0 89.00 NOTE
r-release-linux-x86_64 1.0 15.16 32.15 47.31 NOTE
r-release-windows-ix86+x86_64 1.0 44.00 103.00 147.00 NOTE
r-release-osx-x86_64 1.0 WARN
r-oldrel-windows-ix86+x86_64 1.0 38.00 63.00 101.00 NOTE
r-oldrel-osx-x86_64 1.0 NOTE

Check Details

Version: 1.0
Check: R code for possible problems
Result: NOTE
    Calculate3D: no visible global function definition for 'persp'
    CalculateHUM_Ex: no visible global function definition for 'combn'
    CalculateHUM_Plot: no visible global function definition for 'plot'
    CalculateHUM_Plot: no visible global function definition for 'polygon'
    CalculateHUM_Plot: no visible global function definition for 'text'
    CalculateHUM_Plot: no visible global function definition for 'points'
    CalculateHUM_Plot: no visible global function definition for 'lines'
    Undefined global functions or variables:
     combn lines persp plot points polygon text
    Consider adding
     importFrom("graphics", "lines", "persp", "plot", "points", "polygon",
     "text")
     importFrom("utils", "combn")
    to your NAMESPACE file.
Flavors: r-devel-linux-x86_64-debian-clang, r-devel-linux-x86_64-debian-gcc, r-devel-linux-x86_64-fedora-clang, r-devel-linux-x86_64-fedora-gcc, r-devel-windows-ix86+x86_64, r-patched-linux-x86_64, r-patched-solaris-x86, r-release-linux-x86_64, r-release-windows-ix86+x86_64, r-release-osx-x86_64, r-oldrel-windows-ix86+x86_64, r-oldrel-osx-x86_64

Version: 1.0
Check: compiled code
Result: NOTE
    File ‘HUM/libs/HUM.so’:
     Found no calls to: ‘R_registerRoutines’, ‘R_useDynamicSymbols’
    
    It is good practice to register native routines and to disable symbol
    search.
    
    See ‘Writing portable packages’ in the ‘Writing R Extensions’ manual.
Flavors: r-devel-linux-x86_64-fedora-clang, r-devel-linux-x86_64-fedora-gcc

Version: 1.0
Check: whether package can be installed
Result: WARN
    Found the following significant warnings:
     Warning: 'rgl_init' failed, running with rgl.useNULL = TRUE
Flavor: r-release-osx-x86_64