CRAN Package Check Results for Package GauPro

Last updated on 2019-08-18 19:51:59 CEST.

Flavor Version Tinstall Tcheck Ttotal Status Flags
r-devel-linux-x86_64-debian-clang 0.2.2 140.84 168.45 309.29 OK
r-devel-linux-x86_64-debian-gcc 0.2.2 112.52 112.55 225.07 OK
r-devel-linux-x86_64-fedora-clang 0.2.2 417.20 NOTE
r-devel-linux-x86_64-fedora-gcc 0.2.2 403.39 OK
r-devel-windows-ix86+x86_64 0.2.2 341.00 348.00 689.00 OK
r-patched-linux-x86_64 0.2.2 127.31 153.89 281.20 OK
r-patched-solaris-x86 0.2.2 396.20 OK
r-release-linux-x86_64 0.2.2 129.33 153.79 283.12 OK
r-release-windows-ix86+x86_64 0.2.2 234.00 255.00 489.00 OK
r-release-osx-x86_64 0.2.2 OK
r-oldrel-windows-ix86+x86_64 0.2.2 351.00 352.00 703.00 OK
r-oldrel-osx-x86_64 0.2.2 OK

Check Details

Version: 0.2.2
Check: installed package size
Result: NOTE
     installed size is 5.6Mb
     sub-directories of 1Mb or more:
     libs 4.7Mb
Flavor: r-devel-linux-x86_64-fedora-clang