CRAN Package Check Results for Package GauPro

Last updated on 2019-06-17 07:48:53 CEST.

Flavor Version Tinstall Tcheck Ttotal Status Flags
r-devel-linux-x86_64-debian-clang 0.2.2 141.08 163.66 304.74 OK
r-devel-linux-x86_64-debian-gcc 0.2.2 113.88 115.13 229.01 OK
r-devel-linux-x86_64-fedora-clang 0.2.2 411.21 NOTE
r-devel-linux-x86_64-fedora-gcc 0.2.2 378.72 OK
r-devel-windows-ix86+x86_64 0.2.2 342.00 356.00 698.00 OK
r-patched-linux-x86_64 0.2.2 136.74 155.57 292.31 OK
r-patched-solaris-x86 0.2.2 399.40 OK
r-release-linux-x86_64 0.2.2 138.91 153.97 292.88 OK
r-release-windows-ix86+x86_64 0.2.2 250.00 289.00 539.00 OK
r-release-osx-x86_64 0.2.2 OK
r-oldrel-windows-ix86+x86_64 0.2.2 246.00 352.00 598.00 OK
r-oldrel-osx-x86_64 0.2.2 OK

Check Details

Version: 0.2.2
Check: installed package size
Result: NOTE
     installed size is 5.3Mb
     sub-directories of 1Mb or more:
     libs 4.4Mb
Flavor: r-devel-linux-x86_64-fedora-clang