CRAN Package Check Results for Package GauPro

Last updated on 2020-07-04 19:47:25 CEST.

Flavor Version Tinstall Tcheck Ttotal Status Flags
r-devel-linux-x86_64-debian-clang 0.2.2 173.65 179.87 353.52 OK
r-devel-linux-x86_64-debian-gcc 0.2.2 132.86 117.36 250.22 OK
r-devel-linux-x86_64-fedora-clang 0.2.2 464.22 NOTE
r-devel-linux-x86_64-fedora-gcc 0.2.2 428.21 OK
r-devel-windows-ix86+x86_64 0.2.2 437.00 372.00 809.00 OK
r-patched-linux-x86_64 0.2.2 144.19 162.83 307.02 OK
r-patched-solaris-x86 0.2.2 405.60 OK
r-release-linux-x86_64 0.2.2 144.30 161.97 306.27 OK
r-release-osx-x86_64 0.2.2 NOTE
r-release-windows-ix86+x86_64 0.2.2 334.00 280.00 614.00 OK
r-oldrel-osx-x86_64 0.2.2 OK
r-oldrel-windows-ix86+x86_64 0.2.2 332.00 388.00 720.00 OK

Check Details

Version: 0.2.2
Check: installed package size
Result: NOTE
     installed size is 6.3Mb
     sub-directories of 1Mb or more:
     libs 5.4Mb
Flavors: r-devel-linux-x86_64-fedora-clang, r-release-osx-x86_64