CRAN Package Check Results for Package GD

Last updated on 2020-07-04 19:47:25 CEST.

Flavor Version Tinstall Tcheck Ttotal Status Flags
r-devel-linux-x86_64-debian-clang 1.9 4.67 29.96 34.63 OK
r-devel-linux-x86_64-debian-gcc 1.9 3.90 23.57 27.47 OK
r-devel-linux-x86_64-fedora-clang 1.9 27.71 NOTE
r-devel-linux-x86_64-fedora-gcc 1.9 22.49 NOTE
r-devel-windows-ix86+x86_64 1.9 12.00 59.00 71.00 OK
r-patched-linux-x86_64 1.9 4.14 29.81 33.95 OK
r-patched-solaris-x86 1.9 61.00 NOTE
r-release-linux-x86_64 1.9 4.72 29.51 34.23 OK
r-release-osx-x86_64 1.8 NOTE
r-release-windows-ix86+x86_64 1.8 11.00 50.00 61.00 OK
r-oldrel-osx-x86_64 1.9 NOTE
r-oldrel-windows-ix86+x86_64 1.9 7.00 43.00 50.00 OK

Check Details

Version: 1.9
Check: dependencies in R code
Result: NOTE
    Namespace in Imports field not imported from: ‘badger’
     All declared Imports should be used.
Flavors: r-devel-linux-x86_64-fedora-clang, r-devel-linux-x86_64-fedora-gcc, r-patched-solaris-x86, r-oldrel-osx-x86_64

Version: 1.8
Check: dependencies in R code
Result: NOTE
    Namespace in Imports field not imported from: ‘badger’
     All declared Imports should be used.
Flavor: r-release-osx-x86_64