CRAN Package Check Results for Package GD

Last updated on 2019-03-24 11:51:14 CET.

Flavor Version Tinstall Tcheck Ttotal Status Flags
r-devel-linux-x86_64-debian-clang 1.6 5.84 52.15 57.99 OK
r-devel-linux-x86_64-debian-gcc 1.6 4.70 41.73 46.43 OK
r-devel-linux-x86_64-fedora-clang 1.6 70.67 OK
r-devel-linux-x86_64-fedora-gcc 1.6 67.57 OK
r-devel-windows-ix86+x86_64 1.6 14.00 89.00 103.00 OK
r-patched-linux-x86_64 1.6 4.47 49.24 53.71 OK
r-patched-solaris-x86 1.6 97.80 OK
r-release-linux-x86_64 1.6 0.30 2.30 2.60 ERROR
r-release-windows-ix86+x86_64 1.6 9.00 70.00 79.00 OK
r-release-osx-x86_64 1.6 OK
r-oldrel-windows-ix86+x86_64 1.6 9.00 75.00 84.00 OK
r-oldrel-osx-x86_64 1.6 OK

Check Details

Version: 1.6
Check: whether package can be installed
Result: ERROR
    Installation failed.
Flavor: r-release-linux-x86_64