CRAN Package Check Results for Package FastPCS

Last updated on 2019-09-24 07:48:34 CEST.

Flavor Version Tinstall Tcheck Ttotal Status Flags
r-devel-linux-x86_64-debian-clang 0.1.3 23.40 18.29 41.69 OK
r-devel-linux-x86_64-debian-gcc 0.1.3 19.92 15.44 35.36 OK
r-devel-linux-x86_64-fedora-clang 0.1.3 54.32 NOTE
r-devel-linux-x86_64-fedora-gcc 0.1.3 57.14 OK
r-devel-windows-ix86+x86_64 0.1.3 44.00 64.00 108.00 OK
r-patched-linux-x86_64 0.1.3 21.62 18.72 40.34 OK
r-patched-solaris-x86 0.1.3 55.20 OK
r-release-linux-x86_64 0.1.3 20.73 18.67 39.40 OK
r-release-windows-ix86+x86_64 0.1.3 45.00 64.00 109.00 OK
r-release-osx-x86_64 0.1.3 NOTE
r-oldrel-windows-ix86+x86_64 0.1.3 31.00 43.00 74.00 OK
r-oldrel-osx-x86_64 0.1.3 NOTE

Check Details

Version: 0.1.3
Check: installed package size
Result: NOTE
     installed size is 8.5Mb
     sub-directories of 1Mb or more:
     libs 8.3Mb
Flavors: r-devel-linux-x86_64-fedora-clang, r-release-osx-x86_64, r-oldrel-osx-x86_64