Last updated on 2025-01-23 08:49:53 CET.
Flavor | Version | Tinstall | Tcheck | Ttotal | Status | Flags |
---|---|---|---|---|---|---|
r-devel-linux-x86_64-debian-clang | 0.3-2 | 9.50 | 74.09 | 83.59 | OK | |
r-devel-linux-x86_64-debian-gcc | 0.3-2 | 7.18 | 55.67 | 62.85 | NOTE | |
r-devel-linux-x86_64-fedora-clang | 0.3-2 | 133.45 | OK | |||
r-devel-linux-x86_64-fedora-gcc | 0.3-2 | 125.82 | OK | |||
r-devel-windows-x86_64 | 0.3-2 | 10.00 | 96.00 | 106.00 | OK | |
r-patched-linux-x86_64 | 0.3-2 | 9.88 | 69.80 | 79.68 | OK | |
r-release-linux-x86_64 | 0.3-2 | 10.50 | 69.79 | 80.29 | OK | |
r-release-macos-arm64 | 0.3-2 | 38.00 | OK | |||
r-release-macos-x86_64 | 0.3-2 | 59.00 | OK | |||
r-release-windows-x86_64 | 0.3-2 | 9.00 | 94.00 | 103.00 | OK | |
r-oldrel-macos-arm64 | 0.3-2 | 45.00 | OK | |||
r-oldrel-macos-x86_64 | 0.3-2 | 68.00 | OK | |||
r-oldrel-windows-x86_64 | 0.3-2 | 14.00 | 117.00 | 131.00 | OK |
Version: 0.3-2
Check: for unstated dependencies in ‘demo’
Result: NOTE
'library' or 'require' call not declared from: ‘lavaan’
Flavor: r-devel-linux-x86_64-debian-gcc