CRAN Package Check Results for Package EKMCMC

Last updated on 2019-10-20 06:46:51 CEST.

Flavor Version Tinstall Tcheck Ttotal Status Flags
r-devel-linux-x86_64-debian-clang 0.1.0 2.67 52.72 55.39 NOTE
r-devel-linux-x86_64-debian-gcc 0.1.0 2.22 37.98 40.20 NOTE
r-devel-linux-x86_64-fedora-clang 0.1.0 65.08 NOTE
r-devel-linux-x86_64-fedora-gcc 0.1.0 66.58 NOTE
r-devel-windows-ix86+x86_64 0.1.0 9.00 83.00 92.00 OK
r-patched-linux-x86_64 0.1.0 2.13 53.66 55.79 NOTE
r-patched-solaris-x86 0.1.0 86.50 OK
r-release-linux-x86_64 0.1.0 2.36 54.68 57.04 NOTE
r-release-windows-ix86+x86_64 0.1.0 9.00 76.00 85.00 OK
r-release-osx-x86_64 0.1.0 OK
r-oldrel-windows-ix86+x86_64 0.1.0 3.00 61.00 64.00 OK
r-oldrel-osx-x86_64 0.1.0 OK

Check Details

Version: 0.1.0
Check: for non-standard things in the check directory
Result: NOTE
    Found the following files/directories:
     'MM.csv' 'Simul.csv' 'catalytic.csv' 'combined.csv'
Flavors: r-devel-linux-x86_64-debian-clang, r-devel-linux-x86_64-debian-gcc, r-devel-linux-x86_64-fedora-clang, r-devel-linux-x86_64-fedora-gcc

Version: 0.1.0
Check: DESCRIPTION meta-information
Result: NOTE
    Dependence on R version ‘3.4.2’ not with patchlevel 0
Flavors: r-patched-linux-x86_64, r-release-linux-x86_64