CRAN Package Check Results for Package EKMCMC

Last updated on 2019-07-19 19:46:45 CEST.

Flavor Version Tinstall Tcheck Ttotal Status Flags
r-devel-linux-x86_64-debian-clang 0.1.0 2.14 53.99 56.13 NOTE
r-devel-linux-x86_64-debian-gcc 0.1.0 2.09 40.12 42.21 NOTE
r-devel-linux-x86_64-fedora-clang 0.1.0 64.90 NOTE
r-devel-linux-x86_64-fedora-gcc 0.1.0 64.22 NOTE
r-devel-windows-ix86+x86_64 0.1.0 8.00 52.00 60.00 OK
r-patched-linux-x86_64 0.1.0 2.56 54.95 57.51 NOTE
r-patched-solaris-x86 0.1.0 88.50 OK
r-release-linux-x86_64 0.1.0 2.47 54.56 57.03 NOTE
r-release-windows-ix86+x86_64 0.1.0 9.00 76.00 85.00 OK
r-release-osx-x86_64 0.1.0 OK
r-oldrel-windows-ix86+x86_64 0.1.0 3.00 61.00 64.00 OK
r-oldrel-osx-x86_64 0.1.0 OK

Check Details

Version: 0.1.0
Check: for non-standard things in the check directory
Result: NOTE
    Found the following files/directories:
     'MM.csv' 'Simul.csv' 'catalytic.csv' 'combined.csv'
Flavors: r-devel-linux-x86_64-debian-clang, r-devel-linux-x86_64-debian-gcc, r-devel-linux-x86_64-fedora-clang, r-devel-linux-x86_64-fedora-gcc

Version: 0.1.0
Check: DESCRIPTION meta-information
Result: NOTE
    Dependence on R version ‘3.4.2’ not with patchlevel 0
Flavors: r-patched-linux-x86_64, r-release-linux-x86_64