CRAN Package Check Results for Package ECOSolveR

Last updated on 2019-06-24 19:49:55 CEST.

Flavor Version Tinstall Tcheck Ttotal Status Flags
r-devel-linux-x86_64-debian-clang 0.5.2 13.00 31.29 44.29 NOTE
r-devel-linux-x86_64-debian-gcc 0.5.2 8.83 25.31 34.14 NOTE
r-devel-linux-x86_64-fedora-clang 0.5.2 55.27 NOTE
r-devel-linux-x86_64-fedora-gcc 0.5.2 50.89 NOTE
r-devel-windows-ix86+x86_64 0.5.2 102.00 76.00 178.00 NOTE
r-patched-linux-x86_64 0.5.2 10.15 30.52 40.67 NOTE
r-patched-solaris-x86 0.5.2 90.90 NOTE
r-release-linux-x86_64 0.5.2 10.35 31.00 41.35 NOTE
r-release-windows-ix86+x86_64 0.5.2 53.00 79.00 132.00 NOTE
r-release-osx-x86_64 0.5.2 NOTE
r-oldrel-windows-ix86+x86_64 0.5.2 92.00 52.00 144.00 NOTE
r-oldrel-osx-x86_64 0.5.2 NOTE

Check Details

Version: 0.5.2
Check: for GNU extensions in Makefiles
Result: NOTE
    GNU make is a SystemRequirements.
Flavors: r-devel-linux-x86_64-debian-clang, r-devel-linux-x86_64-debian-gcc, r-devel-linux-x86_64-fedora-clang, r-devel-linux-x86_64-fedora-gcc, r-devel-windows-ix86+x86_64, r-patched-linux-x86_64, r-patched-solaris-x86, r-release-linux-x86_64, r-release-windows-ix86+x86_64, r-release-osx-x86_64, r-oldrel-windows-ix86+x86_64, r-oldrel-osx-x86_64