CRAN Package Check Results for Package ECOSolveR

Last updated on 2019-09-24 07:48:33 CEST.

Flavor Version Tinstall Tcheck Ttotal Status Flags
r-devel-linux-x86_64-debian-clang 0.5.2 13.51 30.28 43.79 NOTE
r-devel-linux-x86_64-debian-gcc 0.5.2 8.75 24.22 32.97 NOTE
r-devel-linux-x86_64-fedora-clang 0.5.2 58.37 NOTE
r-devel-linux-x86_64-fedora-gcc 0.5.2 54.22 NOTE
r-devel-windows-ix86+x86_64 0.5.2 58.00 86.00 144.00 NOTE
r-patched-linux-x86_64 0.5.2 10.14 29.86 40.00 NOTE
r-patched-solaris-x86 0.5.2 88.60 NOTE
r-release-linux-x86_64 0.5.2 9.51 29.78 39.29 NOTE
r-release-windows-ix86+x86_64 0.5.2 142.00 59.00 201.00 NOTE
r-release-osx-x86_64 0.5.2 NOTE
r-oldrel-windows-ix86+x86_64 0.5.2 46.00 54.00 100.00 NOTE
r-oldrel-osx-x86_64 0.5.2 NOTE

Check Details

Version: 0.5.2
Check: for GNU extensions in Makefiles
Result: NOTE
    GNU make is a SystemRequirements.
Flavors: r-devel-linux-x86_64-debian-clang, r-devel-linux-x86_64-debian-gcc, r-devel-linux-x86_64-fedora-clang, r-devel-linux-x86_64-fedora-gcc, r-devel-windows-ix86+x86_64, r-patched-linux-x86_64, r-patched-solaris-x86, r-release-linux-x86_64, r-release-windows-ix86+x86_64, r-release-osx-x86_64, r-oldrel-windows-ix86+x86_64, r-oldrel-osx-x86_64