CRAN Package Check Results for Package DetR

Last updated on 2019-01-22 11:52:06 CET.

Flavor Version Tinstall Tcheck Ttotal Status Flags
r-devel-linux-x86_64-debian-clang 0.0.5 45.42 32.34 77.76 OK
r-devel-linux-x86_64-debian-gcc 0.0.5 42.99 26.80 69.79 OK
r-devel-linux-x86_64-fedora-clang 0.0.5 114.27 NOTE
r-devel-linux-x86_64-fedora-gcc 0.0.5 104.30 OK
r-devel-windows-ix86+x86_64 0.0.5 104.00 80.00 184.00 OK
r-patched-linux-x86_64 0.0.5 52.95 31.83 84.78 OK
r-patched-solaris-x86 0.0.5 102.30 OK
r-release-linux-x86_64 0.0.5 52.43 31.64 84.07 OK
r-release-windows-ix86+x86_64 0.0.5 109.00 92.00 201.00 OK
r-release-osx-x86_64 0.0.5 NOTE
r-oldrel-windows-ix86+x86_64 0.0.5 107.00 58.00 165.00 OK
r-oldrel-osx-x86_64 0.0.5 NOTE

Check Details

Version: 0.0.5
Check: installed package size
Result: NOTE
     installed size is 20.7Mb
     sub-directories of 1Mb or more:
     libs 19.9Mb
Flavors: r-devel-linux-x86_64-fedora-clang, r-release-osx-x86_64, r-oldrel-osx-x86_64