CRAN Package Check Results for Package DetR

Last updated on 2018-11-15 00:05:33 CET.

Flavor Version Tinstall Tcheck Ttotal Status Flags
r-devel-linux-x86_64-debian-clang 0.0.5 53.50 31.85 85.35 OK
r-devel-linux-x86_64-debian-gcc 0.0.5 46.29 27.41 73.70 OK
r-devel-linux-x86_64-fedora-clang 0.0.5 112.68 NOTE
r-devel-linux-x86_64-fedora-gcc 0.0.5 104.97 OK
r-devel-windows-ix86+x86_64 0.0.5 75.00 68.00 143.00 OK
r-patched-linux-x86_64 0.0.5 50.57 31.54 82.11 OK
r-patched-solaris-x86 0.0.5 111.00 OK
r-release-linux-x86_64 0.0.5 52.36 27.37 79.73 OK
r-release-windows-ix86+x86_64 0.0.5 102.00 75.00 177.00 OK
r-release-osx-x86_64 0.0.5 NOTE
r-oldrel-windows-ix86+x86_64 0.0.5 104.00 61.00 165.00 OK
r-oldrel-osx-x86_64 0.0.5 NOTE

Check Details

Version: 0.0.5
Check: installed package size
Result: NOTE
     installed size is 19.5Mb
     sub-directories of 1Mb or more:
     libs 18.7Mb
Flavors: r-devel-linux-x86_64-fedora-clang, r-release-osx-x86_64, r-oldrel-osx-x86_64