CRAN Package Check Results for Package DetR

Last updated on 2019-04-21 01:47:45 CEST.

Flavor Version Tinstall Tcheck Ttotal Status Flags
r-devel-linux-x86_64-debian-clang 0.0.5 49.20 32.45 81.65 OK
r-devel-linux-x86_64-debian-gcc 0.0.5 44.53 34.95 79.48 OK
r-devel-linux-x86_64-fedora-clang 0.0.5 126.93 NOTE
r-devel-linux-x86_64-fedora-gcc 0.0.5 107.17 OK
r-devel-windows-ix86+x86_64 0.0.5 114.00 63.00 177.00 OK
r-patched-linux-x86_64 0.0.5 48.90 33.71 82.61 OK
r-patched-solaris-x86 0.0.5 109.70 OK
r-release-linux-x86_64 0.0.5 50.51 31.44 81.95 OK
r-release-windows-ix86+x86_64 0.0.5 89.00 84.00 173.00 OK
r-release-osx-x86_64 0.0.5 NOTE
r-oldrel-windows-ix86+x86_64 0.0.5 93.00 78.00 171.00 OK
r-oldrel-osx-x86_64 0.0.5 NOTE

Check Details

Version: 0.0.5
Check: installed package size
Result: NOTE
     installed size is 18.5Mb
     sub-directories of 1Mb or more:
     libs 17.7Mb
Flavors: r-devel-linux-x86_64-fedora-clang, r-release-osx-x86_64, r-oldrel-osx-x86_64