Last updated on 2021-01-23 17:48:42 CET.
Flavor | Version | Tinstall | Tcheck | Ttotal | Status | Flags |
---|---|---|---|---|---|---|
r-devel-linux-x86_64-debian-clang | 0.24.0 | 6.06 | 185.85 | 191.91 | OK | |
r-devel-linux-x86_64-debian-gcc | 0.24.0 | 6.02 | 138.78 | 144.80 | OK | |
r-devel-linux-x86_64-fedora-clang | 0.24.0 | 232.78 | NOTE | |||
r-devel-linux-x86_64-fedora-gcc | 0.24.0 | 227.68 | OK | |||
r-devel-windows-ix86+x86_64 | 0.24.0 | 28.00 | 226.00 | 254.00 | OK | |
r-patched-linux-x86_64 | 0.24.0 | 6.17 | 177.43 | 183.60 | OK | |
r-patched-solaris-x86 | 0.24.0 | 288.70 | OK | |||
r-release-linux-x86_64 | 0.24.0 | 6.29 | 174.77 | 181.06 | OK | |
r-release-macos-x86_64 | 0.24.0 | OK | ||||
r-release-windows-ix86+x86_64 | 0.24.0 | 18.00 | 230.00 | 248.00 | OK | |
r-oldrel-macos-x86_64 | 0.24.0 | OK | ||||
r-oldrel-windows-ix86+x86_64 | 0.24.0 | 16.00 | 181.00 | 197.00 | OK |
Version: 0.24.0
Check: Rd cross-references
Result: NOTE
Undeclared package ‘future’ in Rd xrefs
Flavor: r-devel-linux-x86_64-fedora-clang