CRAN Package Check Results for Package DataExplorer

Last updated on 2019-06-17 07:48:49 CEST.

Flavor Version Tinstall Tcheck Ttotal Status Flags
r-devel-linux-x86_64-debian-clang 0.8.0 5.93 234.06 239.99 OK
r-devel-linux-x86_64-debian-gcc 0.8.0 4.77 195.51 200.28 OK
r-devel-linux-x86_64-fedora-clang 0.8.0 268.22 OK
r-devel-linux-x86_64-fedora-gcc 0.8.0 248.78 OK
r-devel-windows-ix86+x86_64 0.8.0 19.00 270.00 289.00 OK
r-patched-linux-x86_64 0.8.0 5.03 230.31 235.34 OK
r-patched-solaris-x86 0.8.0 405.80 NOTE
r-release-linux-x86_64 0.8.0 5.77 230.68 236.45 OK
r-release-windows-ix86+x86_64 0.8.0 12.00 212.00 224.00 OK
r-release-osx-x86_64 0.8.0 OK
r-oldrel-windows-ix86+x86_64 0.8.0 7.00 277.00 284.00 OK
r-oldrel-osx-x86_64 0.8.0 OK

Check Details

Version: 0.8.0
Check: installed package size
Result: NOTE
     installed size is 5.2Mb
     sub-directories of 1Mb or more:
     doc 2.4Mb
     help 2.4Mb
Flavor: r-patched-solaris-x86