CRAN Package Check Results for Package DataExplorer

Last updated on 2019-08-18 07:48:48 CEST.

Flavor Version Tinstall Tcheck Ttotal Status Flags
r-devel-linux-x86_64-debian-clang 0.8.0 5.73 238.00 243.73 OK
r-devel-linux-x86_64-debian-gcc 0.8.0 5.17 199.92 205.09 OK
r-devel-linux-x86_64-fedora-clang 0.8.0 276.61 OK
r-devel-linux-x86_64-fedora-gcc 0.8.0 258.01 OK
r-devel-windows-ix86+x86_64 0.8.0 20.00 282.00 302.00 OK
r-patched-linux-x86_64 0.8.0 5.18 230.79 235.97 OK
r-patched-solaris-x86 0.8.0 424.90 NOTE
r-release-linux-x86_64 0.8.0 5.57 227.52 233.09 OK
r-release-windows-ix86+x86_64 0.8.0 12.00 190.00 202.00 OK
r-release-osx-x86_64 0.8.0 OK
r-oldrel-windows-ix86+x86_64 0.8.0 13.00 275.00 288.00 OK
r-oldrel-osx-x86_64 0.8.0 OK

Check Details

Version: 0.8.0
Check: installed package size
Result: NOTE
     installed size is 5.2Mb
     sub-directories of 1Mb or more:
     doc 2.4Mb
     help 2.4Mb
Flavor: r-patched-solaris-x86