CRAN Package Check Results for Package DHARMa

Last updated on 2019-11-17 17:49:04 CET.

Flavor Version Tinstall Tcheck Ttotal Status Flags
r-devel-linux-x86_64-debian-clang 0.2.4 10.99 232.45 243.44 OK
r-devel-linux-x86_64-debian-gcc 0.2.4 8.31 173.56 181.87 OK
r-devel-linux-x86_64-fedora-clang 0.2.4 290.77 NOTE
r-devel-linux-x86_64-fedora-gcc 0.2.4 282.11 NOTE
r-devel-windows-ix86+x86_64 0.2.4 32.00 241.00 273.00 OK
r-patched-linux-x86_64 0.2.4 9.09 224.81 233.90 OK
r-patched-solaris-x86 0.2.4 411.20 NOTE
r-release-linux-x86_64 0.2.4 9.61 220.83 230.44 OK
r-release-windows-ix86+x86_64 0.2.4 20.00 209.00 229.00 OK
r-release-osx-x86_64 0.2.4 NOTE
r-oldrel-windows-ix86+x86_64 0.2.4 11.00 227.00 238.00 OK
r-oldrel-osx-x86_64 0.2.4 NOTE

Check Details

Version: 0.2.4
Check: dependencies in R code
Result: NOTE
    Namespace in Imports field not imported from: ‘mgcv’
     All declared Imports should be used.
Flavors: r-devel-linux-x86_64-fedora-clang, r-devel-linux-x86_64-fedora-gcc, r-patched-solaris-x86, r-release-osx-x86_64, r-oldrel-osx-x86_64