CRAN Package Check Results for Package DALEX

Last updated on 2019-06-20 05:48:21 CEST.

Flavor Version Tinstall Tcheck Ttotal Status Flags
r-devel-linux-x86_64-debian-clang 0.4 4.42 84.09 88.51 OK
r-devel-linux-x86_64-debian-gcc 0.4 3.41 63.98 67.39 OK
r-devel-linux-x86_64-fedora-clang 0.4 104.42 OK
r-devel-linux-x86_64-fedora-gcc 0.4 98.70 OK
r-devel-windows-ix86+x86_64 0.4 36.00 141.00 177.00 OK
r-patched-linux-x86_64 0.4 4.29 76.35 80.64 OK
r-patched-solaris-x86 0.4 159.50 NOTE
r-release-linux-x86_64 0.4 4.55 77.73 82.28 OK
r-release-windows-ix86+x86_64 0.4 22.00 151.00 173.00 OK
r-release-osx-x86_64 0.4 OK
r-oldrel-windows-ix86+x86_64 0.4 15.00 98.00 113.00 OK
r-oldrel-osx-x86_64 0.4 OK

Check Details

Version: 0.4
Check: package dependencies
Result: NOTE
    Package suggested but not available for checking: ‘xgboost’
Flavor: r-patched-solaris-x86