CRAN Package Check Results for Package Cprob

Last updated on 2017-11-24 23:53:14 CET.

Flavor Version Tinstall Tcheck Ttotal Status Flags
r-devel-linux-x86_64-debian-clang 1.4 0.42 4.39 4.82 ERROR
r-devel-linux-x86_64-debian-gcc 1.4 3.28 99.05 102.33 OK
r-devel-linux-x86_64-fedora-clang 1.4 92.84 OK
r-devel-linux-x86_64-fedora-gcc 1.4 92.61 OK
r-devel-windows-ix86+x86_64 1.4 8.00 108.00 116.00 OK
r-patched-linux-x86_64 1.4 4.00 109.90 113.89 OK
r-patched-solaris-x86 1.4 142.50 OK
r-release-linux-x86_64 1.4 4.17 116.74 120.91 OK
r-release-windows-ix86+x86_64 1.4 8.00 76.00 84.00 OK
r-release-osx-x86_64 1.4 OK
r-oldrel-windows-ix86+x86_64 1.4 8.00 84.00 92.00 OK
r-oldrel-osx-x86_64 1.4 OK

Check Details

Version: 1.4
Check: package dependencies
Result: ERROR
    Package required but not available: ‘tpr’
    
    See section ‘The DESCRIPTION file’ in the ‘Writing R Extensions’
    manual.
Flavor: r-devel-linux-x86_64-debian-clang