CRAN Package Check Results for Package Cprob

Last updated on 2018-12-13 23:49:32 CET.

Flavor Version Tinstall Tcheck Ttotal Status Flags
r-devel-linux-x86_64-debian-clang 1.4.1 0.37 1.98 2.35 ERROR
r-devel-linux-x86_64-debian-gcc 1.4.1 4.36 58.74 63.10 OK
r-devel-linux-x86_64-fedora-clang 1.4.1 91.82 OK
r-devel-linux-x86_64-fedora-gcc 1.4.1 92.17 OK
r-devel-windows-ix86+x86_64 1.4.1 15.00 107.00 122.00 OK
r-patched-linux-x86_64 1.4.1 4.63 72.50 77.13 OK
r-patched-solaris-x86 1.4.1 146.70 OK
r-release-linux-x86_64 1.4.1 5.02 71.09 76.11 OK
r-release-windows-ix86+x86_64 1.4.1 13.00 102.00 115.00 OK
r-release-osx-x86_64 1.4.1 OK
r-oldrel-windows-ix86+x86_64 1.4.1 8.00 118.00 126.00 OK
r-oldrel-osx-x86_64 1.4.1 OK

Check Details

Version: 1.4.1
Check: package dependencies
Result: ERROR
    Package required but not available: ‘tpr’
    
    See section ‘The DESCRIPTION file’ in the ‘Writing R Extensions’
    manual.
Flavor: r-devel-linux-x86_64-debian-clang