CRAN Package Check Results for Package Cprob

Last updated on 2018-09-23 13:47:17 CEST.

Flavor Version Tinstall Tcheck Ttotal Status Flags
r-devel-linux-x86_64-debian-clang 1.4.1 0.41 1.98 2.39 ERROR
r-devel-linux-x86_64-debian-gcc 1.4.1 5.19 66.72 71.91 OK
r-devel-linux-x86_64-fedora-clang 1.4.1 104.20 OK
r-devel-linux-x86_64-fedora-gcc 1.4.1 103.32 OK
r-devel-windows-ix86+x86_64 1.4.1 12.00 121.00 133.00 OK
r-patched-linux-x86_64 1.4.1 5.38 70.15 75.53 OK
r-patched-solaris-x86 1.4.1 138.10 OK
r-release-linux-x86_64 1.4.1 4.73 70.93 75.66 OK
r-release-windows-ix86+x86_64 1.4.1 8.00 108.00 116.00 OK
r-release-osx-x86_64 1.4.1 OK
r-oldrel-windows-ix86+x86_64 1.4.1 8.00 110.00 118.00 OK
r-oldrel-osx-x86_64 1.4.1 OK

Check Details

Version: 1.4.1
Check: package dependencies
Result: ERROR
    Package required but not available: ‘tpr’
    
    See section ‘The DESCRIPTION file’ in the ‘Writing R Extensions’
    manual.
Flavor: r-devel-linux-x86_64-debian-clang