CRAN Package Check Results for Package Cprob

Last updated on 2018-05-25 13:47:49 CEST.

Flavor Version Tinstall Tcheck Ttotal Status Flags
r-devel-linux-x86_64-debian-clang 1.4.1 0.27 1.96 2.23 ERROR
r-devel-linux-x86_64-debian-gcc 1.4.1 4.89 64.77 69.66 OK
r-devel-linux-x86_64-fedora-clang 1.4.1 106.97 OK
r-devel-linux-x86_64-fedora-gcc 1.4.1 103.15 OK
r-devel-windows-ix86+x86_64 1.4.1 12.00 91.00 103.00 OK
r-patched-linux-x86_64 1.4.1 5.22 71.12 76.34 OK
r-patched-solaris-x86 1.4.1 143.80 OK
r-release-linux-x86_64 1.4.1 4.94 69.59 74.53 OK
r-release-windows-ix86+x86_64 1.4 11.00 104.00 115.00 OK
r-release-osx-x86_64 1.4.1 OK
r-oldrel-windows-ix86+x86_64 1.4.1 11.00 112.00 123.00 OK
r-oldrel-osx-x86_64 1.4 OK

Check Details

Version: 1.4.1
Check: package dependencies
Result: ERROR
    Package required but not available: ‘tpr’
    
    See section ‘The DESCRIPTION file’ in the ‘Writing R Extensions’
    manual.
Flavor: r-devel-linux-x86_64-debian-clang