CRAN Package Check Results for Package Cprob

Last updated on 2018-02-17 11:49:05 CET.

Flavor Version Tinstall Tcheck Ttotal Status Flags
r-devel-linux-x86_64-debian-clang 1.4 0.24 1.65 1.89 ERROR
r-devel-linux-x86_64-debian-gcc 1.4 3.37 56.42 59.79 OK
r-devel-linux-x86_64-fedora-clang 1.4 92.50 OK
r-devel-linux-x86_64-fedora-gcc 1.4 89.62 OK
r-devel-windows-ix86+x86_64 1.4 6.00 77.00 83.00 OK
r-patched-linux-x86_64 1.4 3.41 74.94 78.35 OK
r-patched-solaris-x86 1.4 145.90 OK
r-release-linux-x86_64 1.4 3.08 75.44 78.52 OK
r-release-windows-ix86+x86_64 1.4 9.00 113.00 122.00 OK
r-release-osx-x86_64 1.4 OK
r-oldrel-windows-ix86+x86_64 1.4 7.00 100.00 107.00 OK
r-oldrel-osx-x86_64 1.4 OK

Check Details

Version: 1.4
Check: package dependencies
Result: ERROR
    Package required but not available: ‘tpr’
    
    See section ‘The DESCRIPTION file’ in the ‘Writing R Extensions’
    manual.
Flavor: r-devel-linux-x86_64-debian-clang