Last updated on 2025-06-14 12:48:23 CEST.
Flavor | Version | Tinstall | Tcheck | Ttotal | Status | Flags |
---|---|---|---|---|---|---|
r-devel-linux-x86_64-debian-clang | 1.1.3 | 39.96 | 665.28 | 705.24 | OK | |
r-devel-linux-x86_64-debian-gcc | 1.1.3 | 25.82 | 451.71 | 477.53 | OK | |
r-devel-linux-x86_64-fedora-clang | 1.1.3 | 1113.20 | OK | |||
r-devel-linux-x86_64-fedora-gcc | 1.1.3 | 1054.20 | OK | |||
r-devel-windows-x86_64 | 1.1.3 | 41.00 | 542.00 | 583.00 | OK | |
r-patched-linux-x86_64 | 1.1.3 | 44.85 | 635.61 | 680.46 | OK | |
r-release-linux-x86_64 | 1.1.3 | 37.18 | 638.30 | 675.48 | OK | |
r-release-macos-arm64 | 1.1.3 | 145.00 | OK | |||
r-release-macos-x86_64 | 1.1.3 | 284.00 | OK | |||
r-release-windows-x86_64 | 1.1.3 | 41.00 | 547.00 | 588.00 | OK | |
r-oldrel-macos-arm64 | 1.1.3 | 170.00 | NOTE | |||
r-oldrel-macos-x86_64 | 1.1.3 | 307.00 | NOTE | |||
r-oldrel-windows-x86_64 | 1.1.3 | 58.00 | 759.00 | 817.00 | NOTE |
Version: 1.1.3
Check: installed package size
Result: NOTE
installed size is 5.5Mb
sub-directories of 1Mb or more:
data 1.2Mb
doc 2.7Mb
Flavors: r-oldrel-macos-arm64, r-oldrel-macos-x86_64, r-oldrel-windows-x86_64